{"id":89,"date":"2020-04-10T02:23:23","date_gmt":"2020-04-10T07:23:23","guid":{"rendered":"http:\/\/farmaciaveterinarialaconquista.com\/index.php\/producto\/import-placeholder-for-341\/"},"modified":"2024-11-18T18:05:04","modified_gmt":"2024-11-19T00:05:04","slug":"ericlor-10-grs","status":"publish","type":"product","link":"https:\/\/farmaciaveterinarialaconquista.com\/index.php\/producto\/ericlor-10-grs\/","title":{"rendered":"Ericlor 10 grs."},"content":{"rendered":"<p><strong>F\u00f3rmula:<\/strong><\/p>\n<p>Sulfacloropiridazina s\u00f3dica 300 mg<\/p>\n<p>Trimetroprim 150 mg<\/p>\n<p>Doxiciclina hiclato 100 mg<\/p>\n<p>Diclofenaco 5 mg<\/p>\n<p>Excipiente, c.b.p. 1 g.<\/p>\n<p><strong>Uso en:<\/strong><\/p>\n<p><span class=\"imgIpp\">\u00a0<img src=\"http:\/\/www.plmconnection.com\/plmservices\/VetSearchEngine\/M%C3%A9xico\/PEV39\/img\/gallina.png\" alt=\"\" \/>\u00a0 \u00a0 <\/span><\/p>\n<p><strong>V\u00eda de administraci\u00f3n:<\/strong><\/p>\n<p>Oral en el agua de bebida o mezclado en el alimento.<\/p>\n<p><strong>Descripci\u00f3n:<\/strong><\/p>\n<p>Completa asociaci\u00f3n antimicrobiana de amplio espectro y potencializaci\u00f3n de efectos terap\u00e9uticos, para la prevenci\u00f3n y tratamiento de coriza infecciosa, enfermedad respiratoria cr\u00f3nica complicada, neumon\u00edas, bronquitis, bronconeumon\u00edas, sinovitis, sinusitis, infecci\u00f3n de los sacos a\u00e9reos, salpingitis, cresta azul, espiroquetosis, tifoidea, pulorosis, peritonitis, gastroenteritis, septicemias, infecciones urinarias y genitales, hepatitis vibri\u00f3nica, coccidiosis, pasteurelosis, infecciones por Rickettsias, estreptococos, E. coli, salmonelosis.<\/p>\n<p>Reduce los efectos del estr\u00e9s, promotor del crecimiento. Mejora la conversi\u00f3n alimenticia, ayuda a mantener ganancia en el peso, reduce la mortalidad, evita la diseminaci\u00f3n de enfermedades bacterianas, previene brotes de enfermedades.<\/p>\n<p><strong>Dosis:<\/strong><\/p>\n<p>Preventiva: 1 g por litro de agua de bebida o 500 g por tonelada de alimento.<\/p>\n<p>Curativa: 2 g por litro de agua de bebida.<\/p>\n<p><strong>Advertencias:<\/strong><\/p>\n<p>No deber\u00e1 usarse este producto 7 d\u00edas antes del sacrificio de los animales destinados para consumo humano.<\/p>\n<p>No consumir los huevos de las aves tratadas con este producto hasta 6 d\u00edas despu\u00e9s de la \u00faltima aplicaci\u00f3n.<\/p>\n<p>Cons\u00e9rvese a la sombra y en un lugar fresco para su almacenamiento.<\/p>\n<p>No se deje al alcance de los ni\u00f1os y animales dom\u00e9sticos.<\/p>\n","protected":false},"excerpt":{"rendered":"<p>F\u00f3rmula: Sulfacloropiridazina s\u00f3dica 300 mg Trimetroprim 150 mg Doxiciclina hiclato 100 mg Diclofenaco 5 mg Excipiente, c.b.p. 1 g. Uso en: \u00a0\u00a0 \u00a0 V\u00eda de administraci\u00f3n: Oral en el agua de bebida o mezclado en el alimento. Descripci\u00f3n: Completa asociaci\u00f3n antimicrobiana de amplio espectro y potencializaci\u00f3n de efectos terap\u00e9uticos, para la prevenci\u00f3n y tratamiento de [&hellip;]<\/p>\n","protected":false},"featured_media":143,"comment_status":"open","ping_status":"closed","template":"","meta":{"_et_pb_use_builder":"","_et_pb_old_content":"","_et_gb_content_width":"","spay_email":""},"_links":{"self":[{"href":"https:\/\/farmaciaveterinarialaconquista.com\/index.php\/wp-json\/wp\/v2\/product\/89"}],"collection":[{"href":"https:\/\/farmaciaveterinarialaconquista.com\/index.php\/wp-json\/wp\/v2\/product"}],"about":[{"href":"https:\/\/farmaciaveterinarialaconquista.com\/index.php\/wp-json\/wp\/v2\/types\/product"}],"replies":[{"embeddable":true,"href":"https:\/\/farmaciaveterinarialaconquista.com\/index.php\/wp-json\/wp\/v2\/comments?post=89"}],"wp:featuredmedia":[{"embeddable":true,"href":"https:\/\/farmaciaveterinarialaconquista.com\/index.php\/wp-json\/wp\/v2\/media\/143"}],"wp:attachment":[{"href":"https:\/\/farmaciaveterinarialaconquista.com\/index.php\/wp-json\/wp\/v2\/media?parent=89"}],"curies":[{"name":"wp","href":"https:\/\/api.w.org\/{rel}","templated":true}]}}