{"id":86,"date":"2020-04-10T02:23:22","date_gmt":"2020-04-10T07:23:22","guid":{"rendered":"http:\/\/farmaciaveterinarialaconquista.com\/index.php\/producto\/import-placeholder-for-338\/"},"modified":"2025-12-06T22:46:20","modified_gmt":"2025-12-07T04:46:20","slug":"equigan-50-ml","status":"publish","type":"product","link":"https:\/\/farmaciaveterinarialaconquista.com\/index.php\/producto\/equigan-50-ml\/","title":{"rendered":"Equigan 50 ml"},"content":{"rendered":"<p><strong>Formula:<\/strong><\/p>\n<p>Undecilenato de boldenona 50 mg<\/p>\n<p>Veh\u00edculo y conservadores, c.b.p. 1 mL.<\/p>\n<p><strong>Uso en:<\/strong><\/p>\n<p><img src=\"http:\/\/www.plmconnection.com\/plmservices\/VetSearchEngine\/M%C3%A9xico\/PEV39\/img\/caballo.png\" alt=\"\" \/>\u00a0<img src=\"http:\/\/www.plmconnection.com\/plmservices\/VetSearchEngine\/M%C3%A9xico\/PEV39\/img\/vaca.png\" alt=\"\" \/>\u00a0<img src=\"http:\/\/www.plmconnection.com\/plmservices\/VetSearchEngine\/M%C3%A9xico\/PEV39\/img\/toro.png\" alt=\"\" \/> <img src=\"http:\/\/www.plmconnection.com\/plmservices\/VetSearchEngine\/M%C3%A9xico\/PEV39\/img\/oveja.png\" \/><\/p>\n<p><strong>V\u00eda de administraci\u00f3n:<\/strong><\/p>\n<p>Intramuscular.<\/p>\n<p><strong>Descripci\u00f3n:<\/strong><\/p>\n<p>Agente anab\u00f3lico de larga duraci\u00f3n y escasa actividad androg\u00e9nica. Est\u00e1 indicado como estimulante del apetito para incrementar el desarrollo muscular y para mejorar la apariencia de la piel y el pelo. Para disminuir la fatiga y el bajo rendimiento en equinos que han estado siendo entrenados en\u00e9rgicamente. Tambi\u00e9n est\u00e1 indicado para mejorar el estado corporal de los animales aumentando el peso debido a una mejor conversi\u00f3n de alimento.<\/p>\n<p>Est\u00e1 indicado como tratamiento de soporte, despu\u00e9s de intervenciones quir\u00fargicas y enfermedades o lesiones traum\u00e1ticas.<\/p>\n<p><strong>Dosis:<\/strong><\/p>\n<p>Equinos, bovinos, ovinos, caprinos y porcinos: 1 mL por cada 45 kg de peso y\/o 1 mL por cada 90 kg de peso, a criterio del M\u00e9dico Veterinario, pudiendo repetirse a las 3 o 4 semanas.<\/p>\n<p>Caninos: 0.5 mL por cada 10 kg de peso. La mayor\u00eda de los animales responde con uno o dos tratamientos.<\/p>\n<p><strong>Advertencias:<\/strong><\/p>\n<p>Ver el instructivo anexo.<\/p>\n<p>No se administre en animales con tumores malignos (adenoma de ano, carcinoma en pr\u00f3stata o gl\u00e1ndula mamaria).<\/p>\n<p>Al aplicar utilice material totalmente est\u00e9ril.<\/p>\n<p>No se administre a sementales o hembras dedicadas a la cr\u00eda, ni a la producci\u00f3n de leche.<\/p>\n<p>No debe usarse este producto 20 d\u00edas, antes del sacrificio de los animales destinados para consumo humano.<\/p>\n<p>Este producto es de uso exclusivo veterinario.<\/p>\n<p>No se administre este producto a equinos destinados al consumo humano.<\/p>\n<p>Mant\u00e9ngase fuera del alcance de los ni\u00f1os. Cons\u00e9rvese en un lugar fresco y seco, alejado de la luz del sol.<\/p>\n<p>Mantener a temperaturas entre 15 y 30\u00b0C.<\/p>\n<p>Su venta requiere receta m\u00e9dica cuantificada.<\/p>\n<p>Consulte al M\u00e9dico Veterinario Zootecnista.<\/p>\n<p>Para uso exclusivo del M\u00e9dico Veterinario.<\/p>\n","protected":false},"excerpt":{"rendered":"<p>Formula: Undecilenato de boldenona 50 mg Veh\u00edculo y conservadores, c.b.p. 1 mL. Uso en: \u00a0\u00a0 V\u00eda de administraci\u00f3n: Intramuscular. Descripci\u00f3n: Agente anab\u00f3lico de larga duraci\u00f3n y escasa actividad androg\u00e9nica. Est\u00e1 indicado como estimulante del apetito para incrementar el desarrollo muscular y para mejorar la apariencia de la piel y el pelo. Para disminuir la fatiga [&hellip;]<\/p>\n","protected":false},"featured_media":128,"comment_status":"open","ping_status":"closed","template":"","meta":{"_et_pb_use_builder":"","_et_pb_old_content":"","_et_gb_content_width":"","spay_email":""},"_links":{"self":[{"href":"https:\/\/farmaciaveterinarialaconquista.com\/index.php\/wp-json\/wp\/v2\/product\/86"}],"collection":[{"href":"https:\/\/farmaciaveterinarialaconquista.com\/index.php\/wp-json\/wp\/v2\/product"}],"about":[{"href":"https:\/\/farmaciaveterinarialaconquista.com\/index.php\/wp-json\/wp\/v2\/types\/product"}],"replies":[{"embeddable":true,"href":"https:\/\/farmaciaveterinarialaconquista.com\/index.php\/wp-json\/wp\/v2\/comments?post=86"}],"wp:featuredmedia":[{"embeddable":true,"href":"https:\/\/farmaciaveterinarialaconquista.com\/index.php\/wp-json\/wp\/v2\/media\/128"}],"wp:attachment":[{"href":"https:\/\/farmaciaveterinarialaconquista.com\/index.php\/wp-json\/wp\/v2\/media?parent=86"}],"curies":[{"name":"wp","href":"https:\/\/api.w.org\/{rel}","templated":true}]}}