{"id":61,"date":"2020-04-10T02:23:01","date_gmt":"2020-04-10T07:23:01","guid":{"rendered":"http:\/\/farmaciaveterinarialaconquista.com\/index.php\/producto\/import-placeholder-for-312\/"},"modified":"2024-11-16T12:50:48","modified_gmt":"2024-11-16T18:50:48","slug":"complejo-b-super-50-ml","status":"publish","type":"product","link":"https:\/\/farmaciaveterinarialaconquista.com\/index.php\/producto\/complejo-b-super-50-ml\/","title":{"rendered":"Complejo B super 50 ml"},"content":{"rendered":"<p><strong>Formula:<\/strong><\/p>\n<p>Vitamina B12 (cianocobalamina) 150 mcg<\/p>\n<p>Vitamina B1 150 mg<\/p>\n<p>Vitamina B2 2 mg<\/p>\n<p>Vitamina B6 10 mg<\/p>\n<p>Nicotinamida 150 mg<\/p>\n<p>Clorhidrato de colina 20 mg<\/p>\n<p>D-pantenol 10 mg<\/p>\n<p>Inositol 20 mg<\/p>\n<p>Alcohol benc\u00edlico 2%<\/p>\n<p>Veh\u00edculo c.b.p. 1 mL.<\/p>\n<p><strong>Uso en:<\/strong><\/p>\n<p class=\"Normal\"><span class=\"bold-entrada\">\u00a0<\/span><span class=\"imgIpp\"><img src=\"http:\/\/www.plmconnection.com\/plmservices\/VetSearchEngine\/M%C3%A9xico\/PEV39\/img\/vaca.png\" alt=\"\" \/>\u00a0<img src=\"http:\/\/www.plmconnection.com\/plmservices\/VetSearchEngine\/M%C3%A9xico\/PEV39\/img\/toro.png\" alt=\"\" \/><\/span><span class=\"imgIpp\">\u00a0<img src=\"http:\/\/www.plmconnection.com\/plmservices\/VetSearchEngine\/M%C3%A9xico\/PEV39\/img\/caballo1.png\" alt=\"\" \/>\u00a0<img src=\"http:\/\/www.plmconnection.com\/plmservices\/VetSearchEngine\/M%C3%A9xico\/PEV39\/img\/porcino.png\" alt=\"\" \/><\/span><span class=\"imgIpp\"><img src=\"http:\/\/www.plmconnection.com\/plmservices\/VetSearchEngine\/M%C3%A9xico\/PEV39\/img\/perro1.png\" alt=\"\" \/>\u00a0<\/span><span class=\"imgIpp\"><img src=\"http:\/\/www.plmconnection.com\/plmservices\/VetSearchEngine\/M%C3%A9xico\/PEV39\/img\/gato.png\" alt=\"\" \/><\/span><\/p>\n<p><strong>V\u00eda de administraci\u00f3n:<\/strong><\/p>\n<p>Intramuscular o intravenosa.<\/p>\n<p><strong>Descripci\u00f3n:<\/strong><\/p>\n<p>Como antian\u00e9mico, antineur\u00edtico y hematopoy\u00e9tico, \u00fatil para la prevenci\u00f3n y el tratamiento de deficiencias de las vitaminas del complejo B. Fortificante general y estimulante del apetito, para el tratamiento de animales d\u00e9biles o convalecientes.<\/p>\n<p>Las vitaminas del complejo B act\u00faan como enzimas en el metabolismo de los carbohidratos, que son indispensables como fuente de energ\u00eda; son coenzimas que intervienen en el metabolismo proteico necesario para la s\u00edntesis de aminas primarias, por lo tanto son estimulantes del crecimiento. Son indispensables para el mantenimiento del sistema nervioso, para el tratamiento de la incoordinaci\u00f3n m\u00fasculo-motora y para la formaci\u00f3n de los gl\u00f3bulos rojos (hematopoyesis).<\/p>\n<p><strong>Dosis:<\/strong><\/p>\n<p>Equinos y bovinos: 5-10 mL.<\/p>\n<p>Porcinos: 2-5 mL.<\/p>\n<p>Caninos y felinos: 1-3 mL.osis:<\/p>\n<p><strong>Advertencias:<\/strong><\/p>\n<p>Este medicamento tiene un periodo de retiro de cero d\u00edas.<\/p>\n<p>Mant\u00e9ngase fuera del alcance de los ni\u00f1os.<\/p>\n<p>Este medicamento es para uso exclusivo veterinario.<\/p>\n<p>Utilice material est\u00e9ril en cada aplicaci\u00f3n.<\/p>\n<p>Cons\u00e9rvese en un lugar fresco y seco, alejado de la luz del sol.<\/p>\n<p>Mantener a temperaturas entre 15 y 30\u00b0C.<\/p>\n<p>Uso veterinario.<\/p>\n<p>Su venta requiere receta m\u00e9dica.<\/p>\n<p>Consulte al M\u00e9dico Veterinario.<\/p>\n","protected":false},"excerpt":{"rendered":"<p>Formula: Vitamina B12 (cianocobalamina) 150 mcg Vitamina B1 150 mg Vitamina B2 2 mg Vitamina B6 10 mg Nicotinamida 150 mg Clorhidrato de colina 20 mg D-pantenol 10 mg Inositol 20 mg Alcohol benc\u00edlico 2% Veh\u00edculo c.b.p. 1 mL. Uso en: \u00a0\u00a0\u00a0\u00a0\u00a0 V\u00eda de administraci\u00f3n: Intramuscular o intravenosa. Descripci\u00f3n: Como antian\u00e9mico, antineur\u00edtico y hematopoy\u00e9tico, \u00fatil [&hellip;]<\/p>\n","protected":false},"featured_media":104,"comment_status":"open","ping_status":"closed","template":"","meta":{"_et_pb_use_builder":"","_et_pb_old_content":"","_et_gb_content_width":"","spay_email":""},"_links":{"self":[{"href":"https:\/\/farmaciaveterinarialaconquista.com\/index.php\/wp-json\/wp\/v2\/product\/61"}],"collection":[{"href":"https:\/\/farmaciaveterinarialaconquista.com\/index.php\/wp-json\/wp\/v2\/product"}],"about":[{"href":"https:\/\/farmaciaveterinarialaconquista.com\/index.php\/wp-json\/wp\/v2\/types\/product"}],"replies":[{"embeddable":true,"href":"https:\/\/farmaciaveterinarialaconquista.com\/index.php\/wp-json\/wp\/v2\/comments?post=61"}],"wp:featuredmedia":[{"embeddable":true,"href":"https:\/\/farmaciaveterinarialaconquista.com\/index.php\/wp-json\/wp\/v2\/media\/104"}],"wp:attachment":[{"href":"https:\/\/farmaciaveterinarialaconquista.com\/index.php\/wp-json\/wp\/v2\/media?parent=61"}],"curies":[{"name":"wp","href":"https:\/\/api.w.org\/{rel}","templated":true}]}}