{"id":583,"date":"2020-04-11T19:31:40","date_gmt":"2020-04-12T00:31:40","guid":{"rendered":"http:\/\/farmaciaveterinarialaconquista.com\/?post_type=product&#038;p=583"},"modified":"2021-06-15T16:26:11","modified_gmt":"2021-06-15T21:26:11","slug":"vacuna-trai-covac-25-ds-triple-curativa","status":"publish","type":"product","link":"https:\/\/farmaciaveterinarialaconquista.com\/index.php\/producto\/vacuna-trai-covac-25-ds-triple-curativa\/","title":{"rendered":"Vacuna Trai covac 25 ds (Triple curativa)"},"content":{"rendered":"<p class=\"MsoNormal\" style=\"text-align: justify\"><b><span style=\"font-size: 12pt;line-height: 107%;font-family: Arial, 'sans-serif';color: #2c9ffd\">F\u00f3rmula:<\/span><\/b><\/p>\n<p class=\"MsoNormal\" style=\"text-align: justify\"><span style=\"font-size: 12pt;line-height: 107%;font-family: Arial, 'sans-serif'\">TRAI-VAC Es una vacuna combinada, elaborada con cepas altamente antig\u00e9nicas de Paramixovirus Newcastle cepa Lasota desarrollados en embri\u00f3n de pollo spf, Pasteurella multocida y la Escherichia coli, son desarrolladas en medios enriquecidos que incrementan el desarrollo manteniendo la integridad de las cepas. La vacuna es inactivada por medios qu\u00edmicos y adsorbida en adyuvantes especiales para promover la m\u00e1xima respuesta inmune e incrementar su duraci\u00f3n. Contiene penicilina y estreptomicina como preventivo.<\/span><\/p>\n<p class=\"MsoNormal\" style=\"text-align: justify\"><b><span style=\"font-size: 12pt;line-height: 107%;font-family: Arial, 'sans-serif';color: #2c9ffd\">Uso en:<\/span><\/b><\/p>\n<p><img src=\"http:\/\/www.plmconnection.com\/plmservices\/VetSearchEngine\/M%C3%A9xico\/PEV39\/img\/gallina.png\" alt=\"gallina.png\" \/>\u00a0 \u00a0<img src=\"http:\/\/www.plmconnection.com\/plmservices\/VetSearchEngine\/M%C3%A9xico\/PEV39\/img\/gallina1.png\" alt=\"gallina1.png\" \/>\u00a0\u00a0\u00a0 \u00a0<img src=\"http:\/\/www.plmconnection.com\/plmservices\/VetSearchEngine\/M%C3%A9xico\/PEV39\/img\/gallo.png\" alt=\"gallo.png\" \/><\/p>\n<p class=\"MsoNormal\" style=\"text-align: justify\"><b><span style=\"font-size: 12pt;line-height: 107%;font-family: Arial, 'sans-serif';color: #2c9ffd\">V\u00eda de administraci\u00f3n:<\/span><\/b><\/p>\n<p class=\"MsoNormal\" style=\"text-align: justify\"><span style=\"font-size: 12pt;line-height: 107%;font-family: Arial, 'sans-serif'\">Ag\u00edtese bien antes de su aplicaci\u00f3n. Administre por v\u00eda intramuscular en la pechuga o en el muslo 1\/2 ml en aves me-nores a 1 kg. y a mayores, 1 ml. Repita a las 4 \u00f3 5 semanas.<\/span><\/p>\n<p class=\"MsoNormal\" style=\"text-align: justify\"><b><span style=\"font-size: 12pt;line-height: 107%;font-family: Arial, 'sans-serif';color: #2c9ffd\">Descripci\u00f3n:<\/span><\/b><\/p>\n<p class=\"MsoNormal\" style=\"text-align: justify\"><span style=\"font-size: 12pt;line-height: 107%;font-family: Arial, 'sans-serif'\">Protecci\u00f3n s\u00f3lida y prolongada:<\/span><\/p>\n<p class=\"MsoNormal\" style=\"text-align: justify\"><span style=\"font-size: 12pt;line-height: 107%;font-family: Arial, 'sans-serif'\">TRAI-VAC Ha sido desarrollada bajo las m\u00e1s estrictas normas de calidad y t\u00e9cnicas m\u00e1s confiables de fabricaci\u00f3n que maximizan y garantizan la integridad de los ant\u00edgenos.<\/span><\/p>\n<p class=\"MsoNormal\" style=\"text-align: justify\"><span style=\"font-size: 12pt;line-height: 107%;font-family: Arial, 'sans-serif'\">Es una vacuna en donde se ha seleccionado la cepa que confiere la m\u00e1xima estimulaci\u00f3n antig\u00e9nica y se ha concentrado, con lo que se tienen altos t\u00edtulos. Para poder alcanzar per\u00edodos largos de protecci\u00f3n se ha sometido al proceso de adsorci\u00f3n en adyuvantes complejos y efectivos que liberan por m\u00e1s tiempo los ant\u00edgenos.<\/span><\/p>\n<p class=\"MsoNormal\" style=\"text-align: justify\"><span style=\"font-size: 12pt;line-height: 107%;font-family: Arial, 'sans-serif'\">Segura y confiable:<\/span><\/p>\n<p class=\"MsoNormal\" style=\"text-align: justify\"><span style=\"font-size: 12pt;line-height: 107%;font-family: Arial, 'sans-serif'\">TRAI-VAC Es una vacuna inactivada a virus muerto y bacterias lisadas lo que elimina la posibilidad de reversi\u00f3n a la patogenicidad de los componentes de la formula y con ello la introducci\u00f3n de virus agresivo al la parvada.<\/span><\/p>\n<p class=\"MsoNormal\" style=\"text-align: justify\"><span style=\"font-size: 12pt;line-height: 107%;font-family: Arial, 'sans-serif'\">TRAI-VAC Estimula la formaci\u00f3n de anticuerpos del tipo IgG, que se encargar\u00e1n de neutralizar al virus causante de la enfermedad que se encuentre circulando en el organismo.<\/span><\/p>\n<p class=\"MsoNormal\" style=\"text-align: justify\"><span style=\"font-size: 12pt;line-height: 107%;font-family: Arial, 'sans-serif'\">TRAI-VAC junto con el covac (combinaci\u00f3n de antibi\u00f3ticos y vitaminas del complejo b), se convierte en una producto curativo, recomendado en caso de enfermedad causada por cualquiera de los tres ant\u00edgenos contenidos en la formula.<\/span><\/p>\n<p class=\"MsoNormal\" style=\"text-align: justify\"><b><span style=\"font-size: 12pt;line-height: 107%;font-family: Arial, 'sans-serif';color: #2c9ffd\">Advertencias:<\/span><\/b><\/p>\n<p class=\"MsoNormal\" style=\"text-align: justify\"><span style=\"font-size: 12pt;line-height: 107%;font-family: Arial, 'sans-serif'\">Cons\u00e9rvese en refrigeraci\u00f3n entre 2\u00ba y 7\u00ba C. No se ex-ponga a la luz solar.<\/span><\/p>\n<p class=\"MsoNormal\" style=\"text-align: justify\"><span style=\"font-size: 12pt;line-height: 107%;font-family: Arial, 'sans-serif'\">Utilice en su totalidad el contenido del producto inmedia-tamente despu\u00e9s de abrir el frasco.<\/span><\/p>\n<p class=\"MsoNormal\" style=\"text-align: justify\"><span style=\"font-size: 12pt;line-height: 107%;font-family: Arial, 'sans-serif'\">Evite la congelaci\u00f3n.<\/span><\/p>\n<p><span style=\"font-size: 12pt;line-height: 107%;font-family: Arial, 'sans-serif'\">No se deje al alcance de los ni\u00f1os.<\/span><\/p>\n","protected":false},"excerpt":{"rendered":"<p>F\u00f3rmula: TRAI-VAC Es una vacuna combinada, elaborada con cepas altamente antig\u00e9nicas de Paramixovirus Newcastle cepa Lasota desarrollados en embri\u00f3n de pollo spf, Pasteurella multocida y la Escherichia coli, son desarrolladas en medios enriquecidos que incrementan el desarrollo manteniendo la integridad de las cepas. La vacuna es inactivada por medios qu\u00edmicos y adsorbida en adyuvantes especiales [&hellip;]<\/p>\n","protected":false},"featured_media":0,"comment_status":"open","ping_status":"closed","template":"","meta":{"_et_pb_use_builder":"","_et_pb_old_content":"","_et_gb_content_width":"","spay_email":""},"_links":{"self":[{"href":"https:\/\/farmaciaveterinarialaconquista.com\/index.php\/wp-json\/wp\/v2\/product\/583"}],"collection":[{"href":"https:\/\/farmaciaveterinarialaconquista.com\/index.php\/wp-json\/wp\/v2\/product"}],"about":[{"href":"https:\/\/farmaciaveterinarialaconquista.com\/index.php\/wp-json\/wp\/v2\/types\/product"}],"replies":[{"embeddable":true,"href":"https:\/\/farmaciaveterinarialaconquista.com\/index.php\/wp-json\/wp\/v2\/comments?post=583"}],"wp:attachment":[{"href":"https:\/\/farmaciaveterinarialaconquista.com\/index.php\/wp-json\/wp\/v2\/media?parent=583"}],"curies":[{"name":"wp","href":"https:\/\/api.w.org\/{rel}","templated":true}]}}