{"id":58,"date":"2020-04-10T02:23:00","date_gmt":"2020-04-10T07:23:00","guid":{"rendered":"http:\/\/farmaciaveterinarialaconquista.com\/index.php\/producto\/import-placeholder-for-309\/"},"modified":"2025-09-24T12:05:10","modified_gmt":"2025-09-24T18:05:10","slug":"coccizuril-50-tbs","status":"publish","type":"product","link":"https:\/\/farmaciaveterinarialaconquista.com\/index.php\/producto\/coccizuril-50-tbs\/","title":{"rendered":"Coccizuril 50 tbs"},"content":{"rendered":"<p><strong>Formula:<\/strong><\/p>\n<p>Toltrazuril 20 mg<\/p>\n<p>Excipiente, c.b.p. 1 tableta.<\/p>\n<p><strong>Uso en:<\/strong><\/p>\n<p><img src=\"http:\/\/www.plmconnection.com\/plmservices\/VetSearchEngine\/M%C3%A9xico\/PEV39\/img\/gallo.png\" \/><\/p>\n<p><strong>V\u00eda de administraci\u00f3n:<\/strong><\/p>\n<p>Oral. Directo al pico.<\/p>\n<p><strong>Descripci\u00f3n:<\/strong><\/p>\n<p>Est\u00e1 indicado en la prevenci\u00f3n y tratamiento de las coccidiosis producidas por los protozooarios par\u00e1sitos del g\u00e9nero Eimeria como: E. acervulina, E. brunetti, E. maxima, E. tenella, E. mibati y E. necatrix. Es activo contra todas las etapas intracelulares de los coccidios, mismas que tienen una gran importancia econ\u00f3mica debido a que las aves afectadas presentan un alto \u00edndice de morbilidad y mortalidad, ya que no es una enfermedad que ataque en forma individual, sino a toda la parvada. Act\u00faa en la fase de gametogonia de las coccidias, evitando la formaci\u00f3n de ooquistes, por lo tanto se recomienda suministrar dos tratamientos simult\u00e1neos.<\/p>\n<p>Los animales tratados no presentan efectos colaterales; se puede administrar con otras drogas antiparasitarias, con las vacunas o con alimentos.<\/p>\n<p><strong>Dosis:<\/strong><\/p>\n<p>Aves de combate: 7 a 10 mg\/kg\/d\u00eda de peso vivo, durante dos d\u00edas.<\/p>\n<p><strong>Advertencias:\u00a0\u00a0\u00a0<\/strong><\/p>\n<p>Para uso exclusivo en aves de combate.<\/p>\n<p>No consumir la carne de animales tratados hasta despu\u00e9s de 21 d\u00edas.<\/p>\n<p>No administrar en aves ponedoras.<\/p>\n<p>Este producto es de uso exclusivo veterinario.<\/p>\n<p>Mant\u00e9ngase fuera del alcance de los ni\u00f1os.<\/p>\n<p>Cons\u00e9rvese en un lugar fresco y seco, alejado de la luz del sol.<\/p>\n<p>Mantener a temperaturas entre 15 y 30\u00b0C.<\/p>\n<p>Uso veterinario.<\/p>\n<p>Su venta requiere receta m\u00e9dica.<\/p>\n<p>Consulte al M\u00e9dico Veterinario.<\/p>\n","protected":false},"excerpt":{"rendered":"<p>Formula: Toltrazuril 20 mg Excipiente, c.b.p. 1 tableta. Uso en: V\u00eda de administraci\u00f3n: Oral. Directo al pico. Descripci\u00f3n: Est\u00e1 indicado en la prevenci\u00f3n y tratamiento de las coccidiosis producidas por los protozooarios par\u00e1sitos del g\u00e9nero Eimeria como: E. acervulina, E. brunetti, E. maxima, E. tenella, E. mibati y E. necatrix. Es activo contra todas las [&hellip;]<\/p>\n","protected":false},"featured_media":101,"comment_status":"open","ping_status":"closed","template":"","meta":{"_et_pb_use_builder":"","_et_pb_old_content":"","_et_gb_content_width":"","spay_email":""},"_links":{"self":[{"href":"https:\/\/farmaciaveterinarialaconquista.com\/index.php\/wp-json\/wp\/v2\/product\/58"}],"collection":[{"href":"https:\/\/farmaciaveterinarialaconquista.com\/index.php\/wp-json\/wp\/v2\/product"}],"about":[{"href":"https:\/\/farmaciaveterinarialaconquista.com\/index.php\/wp-json\/wp\/v2\/types\/product"}],"replies":[{"embeddable":true,"href":"https:\/\/farmaciaveterinarialaconquista.com\/index.php\/wp-json\/wp\/v2\/comments?post=58"}],"wp:featuredmedia":[{"embeddable":true,"href":"https:\/\/farmaciaveterinarialaconquista.com\/index.php\/wp-json\/wp\/v2\/media\/101"}],"wp:attachment":[{"href":"https:\/\/farmaciaveterinarialaconquista.com\/index.php\/wp-json\/wp\/v2\/media?parent=58"}],"curies":[{"name":"wp","href":"https:\/\/api.w.org\/{rel}","templated":true}]}}