{"id":57,"date":"2020-04-10T02:23:00","date_gmt":"2020-04-10T07:23:00","guid":{"rendered":"http:\/\/farmaciaveterinarialaconquista.com\/index.php\/producto\/import-placeholder-for-308\/"},"modified":"2026-05-02T09:19:30","modified_gmt":"2026-05-02T15:19:30","slug":"coccidiostato-10-grs","status":"publish","type":"product","link":"https:\/\/farmaciaveterinarialaconquista.com\/index.php\/producto\/coccidiostato-10-grs\/","title":{"rendered":"Coccidiostato 10 grs"},"content":{"rendered":"<p><strong>F\u00f3rmula:<\/strong><\/p>\n<p>Amprolio HCL 200 mg<\/p>\n<p>Sulfaquinoxalina 50 mg<\/p>\n<p>Vitamina A, acetato de retinol 15 000 U.I.<\/p>\n<p>Vitamina K3 5 mg<\/p>\n<p>Veh\u00edculo c.b.p. 1 gr<\/p>\n<p><strong>Uso en:<\/strong><\/p>\n<p><img src=\"http:\/\/www.plmconnection.com\/plmservices\/VetSearchEngine\/M%C3%A9xico\/PEV39\/img\/gallo.png\" \/><\/p>\n<p><strong>V\u00eda de administraci\u00f3n:<\/strong><\/p>\n<p>Oral<\/p>\n<p><strong>Descripci\u00f3n:<\/strong><\/p>\n<p>La mejor f\u00f3rmula y m\u00e1s completa en control de coccidias<\/p>\n<p>Contra: diarreas caf\u00e9s, anaranjadas y sanguinolentas<\/p>\n<p><strong>Dosis:<\/strong><\/p>\n<p>1 gr por litro de agua<\/p>\n<p>En pollitos:<\/p>\n<p>Si una parvada de pollitos se enferma de coccidias ellos probablemente ya no alcancen sus desarrollos completos, es mejor prevenir que lamentar.<\/p>\n<p>En pollitos se recomienda cada mes por 5 d\u00edas continuos.<\/p>\n<p>En reproductores y gallera en general:<\/p>\n<p>1 vez cada 2 meses dar por 5 d\u00edas 1gr por litro de agua<\/p>\n<p>Antes y despu\u00e9s del cambio de pluma.<\/p>\n<p>Mejor emplume.<\/p>\n<p>Cuerpos m\u00e1s firmes.<\/p>\n<p>En gallos en cuido y precuido:<\/p>\n<p>1 gr por litro de agua por 5 d\u00edas.<\/p>\n<p>La limpieza del tracto digestivo es crucial para el cuido, coccidiostato uvl le permite desarrollos musculares y un m\u00e1ximo rendimiento en entrenamiento.<\/p>\n<p>Para mejores resultados en el cuido, primero desparasite y despu\u00e9s aplique coccidiostato.<\/p>\n<p><strong>Advertencias:<\/strong><\/p>\n<p>Producto para uso veterinario exclusivamente<\/p>\n<p>Cons\u00e9rvese en lugar fresco y seco protegido de la luz<\/p>\n","protected":false},"excerpt":{"rendered":"<p>F\u00f3rmula: Amprolio HCL 200 mg Sulfaquinoxalina 50 mg Vitamina A, acetato de retinol 15 000 U.I. Vitamina K3 5 mg Veh\u00edculo c.b.p. 1 gr Uso en: V\u00eda de administraci\u00f3n: Oral Descripci\u00f3n: La mejor f\u00f3rmula y m\u00e1s completa en control de coccidias Contra: diarreas caf\u00e9s, anaranjadas y sanguinolentas Dosis: 1 gr por litro de agua En [&hellip;]<\/p>\n","protected":false},"featured_media":100,"comment_status":"open","ping_status":"closed","template":"","meta":{"_et_pb_use_builder":"","_et_pb_old_content":"","_et_gb_content_width":"","spay_email":""},"_links":{"self":[{"href":"https:\/\/farmaciaveterinarialaconquista.com\/index.php\/wp-json\/wp\/v2\/product\/57"}],"collection":[{"href":"https:\/\/farmaciaveterinarialaconquista.com\/index.php\/wp-json\/wp\/v2\/product"}],"about":[{"href":"https:\/\/farmaciaveterinarialaconquista.com\/index.php\/wp-json\/wp\/v2\/types\/product"}],"replies":[{"embeddable":true,"href":"https:\/\/farmaciaveterinarialaconquista.com\/index.php\/wp-json\/wp\/v2\/comments?post=57"}],"wp:featuredmedia":[{"embeddable":true,"href":"https:\/\/farmaciaveterinarialaconquista.com\/index.php\/wp-json\/wp\/v2\/media\/100"}],"wp:attachment":[{"href":"https:\/\/farmaciaveterinarialaconquista.com\/index.php\/wp-json\/wp\/v2\/media?parent=57"}],"curies":[{"name":"wp","href":"https:\/\/api.w.org\/{rel}","templated":true}]}}