{"id":40,"date":"2020-04-10T02:22:39","date_gmt":"2020-04-10T07:22:39","guid":{"rendered":"http:\/\/farmaciaveterinarialaconquista.com\/index.php\/producto\/import-placeholder-for-293\/"},"modified":"2025-11-22T03:01:51","modified_gmt":"2025-11-22T09:01:51","slug":"catosal-20-ml","status":"publish","type":"product","link":"https:\/\/farmaciaveterinarialaconquista.com\/index.php\/producto\/catosal-20-ml\/","title":{"rendered":"Catosal 20 ml"},"content":{"rendered":"<p><strong>F\u00f3rmula:<\/strong><\/p>\n<p>Butafosf\u00e1n 100 mg<\/p>\n<p>Vitamina B 12 0.5 mg<\/p>\n<p>Excipiente c.b.p. 1 ml<\/p>\n<p><strong>Uso en:<\/strong><\/p>\n<p class=\"Normal\"><span class=\"bold-entrada\">\u00a0<\/span><span class=\"imgIpp\"><img src=\"http:\/\/www.plmconnection.com\/plmservices\/VetSearchEngine\/M%C3%A9xico\/PEV39\/img\/caballo1.png\" alt=\"\" \/>\u00a0<\/span><span class=\"imgIpp\"><img src=\"http:\/\/www.plmconnection.com\/plmservices\/VetSearchEngine\/M%C3%A9xico\/PEV39\/img\/vaca.png\" alt=\"\" \/>\u00a0<img src=\"http:\/\/www.plmconnection.com\/plmservices\/VetSearchEngine\/M%C3%A9xico\/PEV39\/img\/toro.png\" alt=\"\" \/><\/span><span class=\"imgIpp\">\u00a0<\/span><span class=\"imgIpp\"><img src=\"http:\/\/www.plmconnection.com\/plmservices\/VetSearchEngine\/M%C3%A9xico\/PEV39\/img\/caballo1.png\" alt=\"\" \/><\/span><span class=\"imgIpp\">\u00a0<\/span><span class=\"imgIpp\"><img src=\"http:\/\/www.plmconnection.com\/plmservices\/VetSearchEngine\/M%C3%A9xico\/PEV39\/img\/becerro.png\" alt=\"\" \/> \u00a0<\/span><span class=\"imgIpp\"><img src=\"http:\/\/www.plmconnection.com\/plmservices\/VetSearchEngine\/M%C3%A9xico\/PEV39\/img\/oveja1.png\" alt=\"\" \/>\u00a0<\/span><span class=\"imgIpp\"><img src=\"http:\/\/www.plmconnection.com\/plmservices\/VetSearchEngine\/M%C3%A9xico\/PEV39\/img\/oveja1.png\" alt=\"\" \/><\/span><span class=\"imgIpp\">\u00a0<img src=\"http:\/\/www.plmconnection.com\/plmservices\/VetSearchEngine\/M%C3%A9xico\/PEV39\/img\/cabra1.png\" alt=\"\" \/>\u00a0<img src=\"http:\/\/www.plmconnection.com\/plmservices\/VetSearchEngine\/M%C3%A9xico\/PEV39\/img\/cabra1.png\" alt=\"\" \/>\u00a0<img src=\"http:\/\/www.plmconnection.com\/plmservices\/VetSearchEngine\/M%C3%A9xico\/PEV39\/img\/porcino1.png\" alt=\"\" \/>\u00a0<img src=\"http:\/\/www.plmconnection.com\/plmservices\/VetSearchEngine\/M%C3%A9xico\/PEV39\/img\/porcino1.png\" alt=\"\" \/><\/span><span class=\"imgIpp\"><img src=\"http:\/\/www.plmconnection.com\/plmservices\/VetSearchEngine\/M%C3%A9xico\/PEV39\/img\/perro1.png\" alt=\"\" \/>\u00a0<\/span><span class=\"imgIpp\"><img src=\"http:\/\/www.plmconnection.com\/plmservices\/VetSearchEngine\/M%C3%A9xico\/PEV39\/img\/gato.png\" alt=\"\" \/><\/span><span class=\"imgIpp\">\u00a0<img src=\"http:\/\/www.plmconnection.com\/plmservices\/VetSearchEngine\/M%C3%A9xico\/PEV39\/img\/gallina.png\" alt=\"\" \/><\/span><\/p>\n<p><strong>V\u00eda de administraci\u00f3n:<\/strong><\/p>\n<p>Puede inyectarse por v\u00eda subcut\u00e1nea, intramuscular o endovenosa. Tambi\u00e9n puede mezclarse con suero glucosado o soluciones de calcio.<\/p>\n<p><strong>Descripci\u00f3n:<\/strong><\/p>\n<p>Los compuestos de f\u00f3sforo, tal como se presenta en Catosal, influyen sobre casi todos los procesos de asimilaci\u00f3n del organismo, por ello se les ha denominado estimulantes metab\u00f3licos; asimismo intervienen en un sin n\u00famero de reacciones enzim\u00e1ticas.<\/p>\n<p>Es un estimulante metab\u00f3lico y protector hep\u00e1tico.<\/p>\n<p>Act\u00faa especialmente en los procesos fisiol\u00f3gicos del sistema esquel\u00e9tico.<\/p>\n<p>Estimula la musculatura lisa (v\u00edsceras) y el miocardio cansado.<\/p>\n<p>Controla la actividad enzim\u00e1tica del h\u00edgado protegiendo su funci\u00f3n, estimulando el metabolismo energ\u00e9tico.<\/p>\n<p>En estados de estr\u00e9s reduce la concentraci\u00f3n de hidrocortisona e incrementa la insulina.<\/p>\n<p>Por su contenido de vitamina B12, Catosal<sup>MR<\/sup>\u00a0fomenta el metabolismo de los carbohidratos y l\u00edpidos, de tal forma que in\u00adfluye favorablemente en el crecimiento corporal, en la for\u00admaci\u00f3n de gl\u00f3bulos rojos y demuestra tambi\u00e9n una acci\u00f3n protectora del h\u00edgado.<\/p>\n<p>La vitamina B 12 es una fuente de cobalto que tiene un papel muy importante en muchas reacciones metab\u00f3licas.<\/p>\n<p>Interviene en el metabolismo de las grasas y los hidratos de carbono (transfiere los grupos metil).<\/p>\n<p>Es muy importante para la s\u00edntesis de metionina.<\/p>\n<p>Ayuda a la formaci\u00f3n de c\u00e9lulas sangu\u00edneas.<\/p>\n<p>Promueve el crecimiento en general incrementando el aprovechamiento de los alimentos (asociado con el incremento de prote\u00edna).<\/p>\n<p>Est\u00e1 indicado en:<\/p>\n<p>Enfermedades agudas y trastornos metab\u00f3licos agudos como:<\/p>\n<p>Paresias, inapetencia, disminuci\u00f3n del rendimiento l\u00e1cteo, acetonemia, etc.<\/p>\n<p>Agotamiento (por ejemplo, despu\u00e9s de un parto laborioso).<\/p>\n<p>Debilidad vital y enfermedades de los reci\u00e9n nacidos.<\/p>\n<p>Lumbago del caballo.<\/p>\n<p>Auxiliar en la calcioterapia (por ejemplo, en caso de tetania o hipocalcemia).<\/p>\n<p>Intoxicaci\u00f3n (como coadyuvante).<\/p>\n<p>Enfermedades cr\u00f3nicas y trastornos metab\u00f3licos cr\u00f3nicos:<\/p>\n<p>Trastornos del desarrollo de los animales j\u00f3venes causados por enfermedades del crecimiento.<\/p>\n<p>Estados de debilidad en peque\u00f1as especies.<\/p>\n<p>Canibalismo en aves.<\/p>\n<p>Histeria de las aves.<\/p>\n<p>Fatiga de jaula en aves.<\/p>\n<p>Trastornos metab\u00f3licos generales de los animales dom\u00e9sticos causados por alimentaci\u00f3n inadecuada:<\/p>\n<p>Trastornos en los bovinos, durante \u00e9pocas de sequ\u00eda, antes de las lluvias, caracterizados por los siguientes signos cl\u00ednicos: paresia, inapetencia, indigesti\u00f3n cr\u00f3nica o sobrecarga del rumen, desnutrici\u00f3n, disminuci\u00f3n del rendimiento l\u00e1cteo, fen\u00f3menos nerviosos, etc.<\/p>\n<p>Infertilidad<\/p>\n<p>Para la prevenci\u00f3n (profilaxis) de enfermedades puerperales con los consecuentes trastornos de la fertilidad, se recomienda aplicar 20 ml, 6 y 4 semanas antes del parto, con ello tambi\u00e9n se reducen los problemas metab\u00f3licos como cetosis, fiebre de leche y quistes ov\u00e1ricos.<\/p>\n<p>Anemia<\/p>\n<p>Secundaria o verminosa.<\/p>\n<p>Exceso de trabajo, fatiga, agotamiento (por ejemplo, despu\u00e9s de un parto laborioso):<\/p>\n<p>Para mejorar el rendimiento muscular en caballos de carreras.<\/p>\n<p>Trastornos de nutrici\u00f3n, enflaquecimiento, extenuaci\u00f3n tras enfermedades, verminosis, etc.<\/p>\n<p>Tratamiento de animales sanos<\/p>\n<p>Para mejorar la eficacia reproductiva de los machos.<\/p>\n<p>Para vacas lecheras sometidas al esfuerzo intenso de la lactancia.<\/p>\n<p>Para mejorar el estado general de los animales.<\/p>\n<p>Para preparar animales a intervenir en exposiciones.<\/p>\n<p>Para aumentar el rendimiento y resistencia de los caballos de carreras, de charrer\u00eda, salto, bailadores, de rienda, polo, trote, etc.<\/p>\n<p>Para fomentar el crecimiento en animales j\u00f3venes.<\/p>\n<p>Para la protecci\u00f3n hep\u00e1tica.<\/p>\n<p>Otras indicaciones<\/p>\n<p>Estimulante del metabolismo<\/p>\n<p>Fortalecer la resistencia<\/p>\n<p>Tratamiento de los animales convalecientes<\/p>\n<p>En terapia de soporte determinado por el m\u00e9dico veterinario en enfermedades bacterianas y virales.<\/p>\n<p>Tratamiento de p\u00e9rdida no fisiol\u00f3gica de pelo.<\/p>\n<p><strong>Dosis:<\/strong><\/p>\n<p>Equinos y bovinos adultos: 10 a 20 ml.<\/p>\n<p>Potros y terneros: 5 a 12 ml.<\/p>\n<p>Ovinos y caprinos adultos: 2.5 a 5.0 ml.<\/p>\n<p>Corderos y cabritos: 1.5 a 2.5 ml.<\/p>\n<p>Cerdos seg\u00fan su peso: 2.5 a 10 ml.<\/p>\n<p>Lechones: 1.0 a 2.5 ml.<\/p>\n<p>Perros seg\u00fan su tama\u00f1o: 0.5 a 5 ml<\/p>\n<p>Convalecencia: 1 a 5 ml\/d\u00eda<\/p>\n<p>Inapetencia: 1 a 5 ml\/d\u00eda<\/p>\n<p>Preparaci\u00f3n a competencia o exposiciones:\u00a03 veces con intervalos de 4 a 8 d\u00edas<\/p>\n<p>Gatos: 0.5 a 1 ml<\/p>\n<p>Convalecencia 0.5 a 2.5 ml\/d\u00eda<\/p>\n<p>Inapetencia: 0.5 a 2.5 ml\/d\u00eda<\/p>\n<p>P\u00e9rdida de peso: 0.5 a 5 ml 3 veces con intervalos de 4 \u2013 8 d\u00edas<\/p>\n<p>Aves de postura y engorda: 0.5 a 1 ml<\/p>\n<p>Si es necesario repetir el tratamiento diariamente; en enfermedades cr\u00f3nicas se aplica la mitad de la dosis antes indicada con repetici\u00f3n e intervalos de 1-2 semanas.<\/p>\n<p>Para animales sanos: La mitad de la dosis expuesta anteriormente, y en caso necesario, repetirla con intervalos de 1 a 2 semanas.<\/p>\n<p>En el tratamiento de enfermedades cr\u00f3nicas, como coadyuvante se ha demostrado que al combinar catosal<sup>MR<\/sup>\u00a0y Vigantol<sup>MR<\/sup>\u00a0Ade Fuerte, se proporcionan grandes ventajas en cuanto a la reducci\u00f3n del periodo de recuperaci\u00f3n de los animales tratados.<\/p>\n<p><strong>Advertencias:<\/strong><\/p>\n<p>No administrar m\u00e1s de 10 ml en el mismo sitio de aplicaci\u00f3n.<\/p>\n","protected":false},"excerpt":{"rendered":"<p>F\u00f3rmula: Butafosf\u00e1n 100 mg Vitamina B 12 0.5 mg Excipiente c.b.p. 1 ml Uso en: \u00a0\u00a0\u00a0\u00a0\u00a0 \u00a0\u00a0\u00a0\u00a0\u00a0\u00a0\u00a0\u00a0 V\u00eda de administraci\u00f3n: Puede inyectarse por v\u00eda subcut\u00e1nea, intramuscular o endovenosa. Tambi\u00e9n puede mezclarse con suero glucosado o soluciones de calcio. Descripci\u00f3n: Los compuestos de f\u00f3sforo, tal como se presenta en Catosal, influyen sobre casi todos los procesos [&hellip;]<\/p>\n","protected":false},"featured_media":96,"comment_status":"open","ping_status":"closed","template":"","meta":{"_et_pb_use_builder":"","_et_pb_old_content":"","_et_gb_content_width":"","spay_email":""},"_links":{"self":[{"href":"https:\/\/farmaciaveterinarialaconquista.com\/index.php\/wp-json\/wp\/v2\/product\/40"}],"collection":[{"href":"https:\/\/farmaciaveterinarialaconquista.com\/index.php\/wp-json\/wp\/v2\/product"}],"about":[{"href":"https:\/\/farmaciaveterinarialaconquista.com\/index.php\/wp-json\/wp\/v2\/types\/product"}],"replies":[{"embeddable":true,"href":"https:\/\/farmaciaveterinarialaconquista.com\/index.php\/wp-json\/wp\/v2\/comments?post=40"}],"wp:featuredmedia":[{"embeddable":true,"href":"https:\/\/farmaciaveterinarialaconquista.com\/index.php\/wp-json\/wp\/v2\/media\/96"}],"wp:attachment":[{"href":"https:\/\/farmaciaveterinarialaconquista.com\/index.php\/wp-json\/wp\/v2\/media?parent=40"}],"curies":[{"name":"wp","href":"https:\/\/api.w.org\/{rel}","templated":true}]}}