{"id":35,"date":"2020-04-10T02:22:38","date_gmt":"2020-04-10T07:22:38","guid":{"rendered":"http:\/\/farmaciaveterinarialaconquista.com\/index.php\/producto\/import-placeholder-for-288\/"},"modified":"2025-09-24T12:10:08","modified_gmt":"2025-09-24T18:10:08","slug":"bovitraz-al-12-100-ml","status":"publish","type":"product","link":"https:\/\/farmaciaveterinarialaconquista.com\/index.php\/producto\/bovitraz-al-12-100-ml\/","title":{"rendered":"Bovitraz al 12 % 100 ml"},"content":{"rendered":"<p><strong>Formula:<\/strong><\/p>\n<p>Amitraz (Amidina): N\u00b4-(2,4-dimetil-fenil)-N-(((2,4-dimetil-fenil)imino)metil)-N-metil metanimidamida<\/p>\n<p>Equivalente a 125.0 g I.A.\/L\u00a0\u00a012.50%<\/p>\n<p>Excipientes, solventes y emulsificantes, c.b.p.<\/p>\n<p>No m\u00e1s de 87.50%<\/p>\n<p>Total 100.00%<\/p>\n<p><strong>Uso en:<\/strong><\/p>\n<p><span class=\"imgIpp\"><img src=\"http:\/\/www.plmconnection.com\/plmservices\/VetSearchEngine\/M%C3%A9xico\/PEV39\/img\/vaca.png\" alt=\"\" \/>\u00a0<img src=\"http:\/\/www.plmconnection.com\/plmservices\/VetSearchEngine\/M%C3%A9xico\/PEV39\/img\/toro.png\" alt=\"\" \/>\u00a0<\/span><span class=\"imgIpp\"><img src=\"http:\/\/www.plmconnection.com\/plmservices\/VetSearchEngine\/M%C3%A9xico\/PEV39\/img\/porcino.png\" alt=\"\" \/>\u00a0<img src=\"http:\/\/www.plmconnection.com\/plmservices\/VetSearchEngine\/M%C3%A9xico\/PEV39\/img\/oveja1.png\" alt=\"\" \/>\u00a0<img src=\"http:\/\/www.plmconnection.com\/plmservices\/VetSearchEngine\/M%C3%A9xico\/PEV39\/img\/becerro.png\" alt=\"\" \/>\u00a0<img src=\"http:\/\/www.plmconnection.com\/plmservices\/VetSearchEngine\/M%C3%A9xico\/PEV39\/img\/perro.png\" alt=\"\" \/><\/span><\/p>\n<p><strong>V\u00eda de administraci\u00f3n:<\/strong><\/p>\n<p>T\u00f3pica.<\/p>\n<p><strong>Descripci\u00f3n:<\/strong><\/p>\n<p>Est\u00e1 indicado como garrapaticida, sarnicida y piojicida para cerdos, bovinos, ovinos y caninos (excepto razas peque\u00f1as) para uso en aspersi\u00f3n y en ba\u00f1o de inmersi\u00f3n.<\/p>\n<p>Est\u00e1 indicado contra los siguientes ectopar\u00e1sitos:<\/p>\n<p>Garrapatas:<\/p>\n<p>Boophilus microplus.<\/p>\n<p>Boophilus decoloratus.<\/p>\n<p>Rhiphicephalus evertsi.<\/p>\n<p>Amblyomma hebraeum.<\/p>\n<p>Amblyomma cajennense.<\/p>\n<p>Hyalomma spp.<\/p>\n<p>Ixodes ricinus.<\/p>\n<p>\u00c1caros:<\/p>\n<p>Psoroptes spp.<\/p>\n<p>Sarcoptes scabiei.<\/p>\n<p>Dermanyssus gallinae.<\/p>\n<p>Demodex canis.<\/p>\n<p>Chorioptes bovis.<\/p>\n<p>Piojos:<\/p>\n<p>Lignognathus vituli.<\/p>\n<p>Lignognathus ovillus.<\/p>\n<p>Damalinia bovis.<\/p>\n<p>Damalinia ovis.<\/p>\n<p>Haematopinus eurysternus.<\/p>\n<p>Solenopotes capillatus.<\/p>\n<p>Haematopinus suis.<\/p>\n<p>Melophagus ovinus.<\/p>\n<p>Es efectivo para el control de los par\u00e1sitos externos indicados, sensibles a la f\u00f3rmula.<\/p>\n<p><strong>Dosis:<\/strong><\/p>\n<p>Ba\u00f1o de inmersi\u00f3n para bovinos: Para la carga de ba\u00f1o garrapaticida diluir el producto en una proporci\u00f3n de 800 ml del producto por cada 500 L de agua.<\/p>\n<p>En la recarga diluir el producto en una proporci\u00f3n de 800 ml por cada 250 L de agua.<\/p>\n<p>No utilizar el l\u00edquido del ba\u00f1o sin antes agregar un alcalinizante en una proporci\u00f3n de 6 kg por cada 1,000 L de agua en la carga y 12 kg por cada 1,000 L en la recarga.<\/p>\n<p>Ba\u00f1o de inmersi\u00f3n para ovinos: Para la carga diluir el producto en una proporci\u00f3n de 1.6 L del producto para cada 1,000 L de agua. Para hacer la recarga agregar 3.2 L del producto\u00a0\u00a0por cada 1,000 L de agua. Repetir el ba\u00f1o cada 10 d\u00edas. No olvidar agregar el alcalinizante.<\/p>\n<p>Aspersi\u00f3n en bovinos: Diluir el producto como lo muestra el siguiente cuadro:<\/p>\n<p>20 ml del producto\u00a0\u00a010 L<\/p>\n<p>30 ml del producto\u00a0\u00a015 L<\/p>\n<p>40 ml del producto\u00a0\u00a020 L<\/p>\n<p>50 ml del producto\u00a0\u00a025 L<\/p>\n<p>100 ml del producto\u00a0\u00a050 L<\/p>\n<p>La diluci\u00f3n deber\u00e1 realizarse en el momento de uso, mezclando correctamente. Utilizar una aspersora manual o motorizada, cuidando que tenga la presi\u00f3n suficiente para penetrar debajo del pelo. La cantidad necesaria para mejorar un bovino adulto no deber\u00e1 ser inferior a 5 L.<\/p>\n<p>Aspersi\u00f3n cerdos: Diluir una parte del producto en 250 partes de agua o 20 ml en 5 L y asperjar en los animales.<\/p>\n<p>Repetir la aplicaci\u00f3n a los 14 d\u00edas.<\/p>\n<p>Aspersi\u00f3n en perros: Diluir 2 ml del producto en 1 litro de agua. Debido a la alta eficacia del producto contra las garrapatas y a la emergencia de cepas resistentes en algunas zonas del pa\u00eds, es importante establecer estrategias adecuadas de control y hacer \u00e9nfasis en el buen uso del ba\u00f1o garrapaticida (v\u00e9ase los cap\u00edtulos correspondientes).<\/p>\n<p><strong>Advertencias:<\/strong><\/p>\n<p>Puede ser t\u00f3xico en algunas razas peque\u00f1as.<\/p>\n","protected":false},"excerpt":{"rendered":"<p>Formula: Amitraz (Amidina): N\u00b4-(2,4-dimetil-fenil)-N-(((2,4-dimetil-fenil)imino)metil)-N-metil metanimidamida Equivalente a 125.0 g I.A.\/L\u00a0\u00a012.50% Excipientes, solventes y emulsificantes, c.b.p. No m\u00e1s de 87.50% Total 100.00% Uso en: \u00a0\u00a0\u00a0\u00a0\u00a0 V\u00eda de administraci\u00f3n: T\u00f3pica. Descripci\u00f3n: Est\u00e1 indicado como garrapaticida, sarnicida y piojicida para cerdos, bovinos, ovinos y caninos (excepto razas peque\u00f1as) para uso en aspersi\u00f3n y en ba\u00f1o de inmersi\u00f3n. Est\u00e1 [&hellip;]<\/p>\n","protected":false},"featured_media":78,"comment_status":"open","ping_status":"closed","template":"","meta":{"_et_pb_use_builder":"","_et_pb_old_content":"","_et_gb_content_width":"","spay_email":""},"_links":{"self":[{"href":"https:\/\/farmaciaveterinarialaconquista.com\/index.php\/wp-json\/wp\/v2\/product\/35"}],"collection":[{"href":"https:\/\/farmaciaveterinarialaconquista.com\/index.php\/wp-json\/wp\/v2\/product"}],"about":[{"href":"https:\/\/farmaciaveterinarialaconquista.com\/index.php\/wp-json\/wp\/v2\/types\/product"}],"replies":[{"embeddable":true,"href":"https:\/\/farmaciaveterinarialaconquista.com\/index.php\/wp-json\/wp\/v2\/comments?post=35"}],"wp:featuredmedia":[{"embeddable":true,"href":"https:\/\/farmaciaveterinarialaconquista.com\/index.php\/wp-json\/wp\/v2\/media\/78"}],"wp:attachment":[{"href":"https:\/\/farmaciaveterinarialaconquista.com\/index.php\/wp-json\/wp\/v2\/media?parent=35"}],"curies":[{"name":"wp","href":"https:\/\/api.w.org\/{rel}","templated":true}]}}