{"id":305,"date":"2020-04-10T02:26:41","date_gmt":"2020-04-10T07:26:41","guid":{"rendered":"http:\/\/farmaciaveterinarialaconquista.com\/index.php\/producto\/import-placeholder-for-483\/"},"modified":"2025-09-20T14:03:13","modified_gmt":"2025-09-20T20:03:13","slug":"virkon-s-10-grs","status":"publish","type":"product","link":"https:\/\/farmaciaveterinarialaconquista.com\/index.php\/producto\/virkon-s-10-grs\/","title":{"rendered":"Virkon S 10 grs Descontinuada esta presentaci\u00f3n"},"content":{"rendered":"<p class=\"MsoNormal\" style=\"text-align: justify\"><b><span style=\"font-size: 12pt;line-height: 107%;font-family: Arial, 'sans-serif';color: #2c9ffd\">F\u00f3rmula:<\/span><\/b><\/p>\n<p class=\"MsoNormal\" style=\"text-align: justify\"><span style=\"font-size: 12pt;line-height: 107%;font-family: Arial, 'sans-serif';color: #000000\">Triple sal de potasio 49.40%<\/span><\/p>\n<p class=\"MsoNormal\" style=\"text-align: justify\"><span style=\"font-size: 12pt;line-height: 107%;font-family: Arial, 'sans-serif';color: #000000\">Cloruro de sodio 1.50%<\/span><\/p>\n<p class=\"MsoNormal\" style=\"text-align: justify\"><span style=\"font-size: 12pt;line-height: 107%;font-family: Arial, 'sans-serif';color: #000000\">Excipientes, c.b.p. 100.00%<\/span><\/p>\n<p class=\"MsoNormal\" style=\"text-align: justify\"><b><span style=\"font-size: 12pt;line-height: 107%;font-family: Arial, 'sans-serif';color: #2c9ffd\">Uso en:<\/span><\/b><\/p>\n<p><b><\/b><img src=\"http:\/\/www.plmconnection.com\/plmservices\/VetSearchEngine\/M%C3%A9xico\/PEV39\/img\/cuadro1.png\" alt=\"cuadro1.png\" \/>\u00a0 \u00a0<img src=\"http:\/\/www.plmconnection.com\/plmservices\/VetSearchEngine\/M%C3%A9xico\/PEV39\/img\/cuadro2.png\" alt=\"cuadro2.png\" \/><\/p>\n<p class=\"MsoNormal\" style=\"text-align: justify\"><b><span style=\"font-size: 12pt;line-height: 107%;font-family: Arial, 'sans-serif';color: #2c9ffd\">V\u00eda de administraci\u00f3n:<\/span><\/b><\/p>\n<p class=\"MsoNormal\" style=\"text-align: justify\"><span style=\"font-size: 12pt;line-height: 107%;font-family: Arial, 'sans-serif';color: #000000\">Diverso<\/span><\/p>\n<p class=\"MsoNormal\" style=\"text-align: justify\"><b><span style=\"font-size: 12pt;line-height: 107%;font-family: Arial, 'sans-serif';color: #2c9ffd\">Descripci\u00f3n:<\/span><\/b><\/p>\n<p class=\"MsoNormal\" style=\"text-align: justify\"><span style=\"font-size: 12pt;line-height: 107%;font-family: Arial, 'sans-serif';color: #000000\">Posee un efecto superior contra microorganismos.<\/span><\/p>\n<p class=\"MsoNormal\" style=\"text-align: justify\"><span style=\"font-size: 12pt;line-height: 107%;font-family: Arial, 'sans-serif';color: #000000\">No es corrosivo ni irritante.<\/span><\/p>\n<p class=\"MsoNormal\" style=\"text-align: justify\"><span style=\"font-size: 12pt;line-height: 107%;font-family: Arial, 'sans-serif';color: #000000\">No contamina, por el contrario, reduce la infecci\u00f3n micro\u00adbio\u00adl\u00f3gica.<\/span><\/p>\n<p class=\"MsoNormal\" style=\"text-align: justify\"><span style=\"font-size: 12pt;line-height: 107%;font-family: Arial, 'sans-serif';color: #000000\">No mancha. Su ligero aroma a lim\u00f3n brinda una propiedad deo\u00addorizante adicional.<\/span><\/p>\n<p class=\"MsoNormal\" style=\"text-align: justify\"><span style=\"font-size: 12pt;line-height: 107%;font-family: Arial, 'sans-serif';color: #000000\">Es sumamente estable y perfectamente soluble en agua, lo que permite su f\u00e1cil aplicaci\u00f3n en volumen ultrabajo (ULV).<\/span><\/p>\n<p class=\"MsoNormal\" style=\"text-align: justify\"><span style=\"font-size: 12pt;line-height: 107%;font-family: Arial, 'sans-serif';color: #000000\">Es un desinfectante viricida con eficacia comprobada contra 19 familias de virus que afectan a los animales y al hombre.<\/span><\/p>\n<p class=\"MsoNormal\" style=\"text-align: justify\"><span style=\"font-size: 12pt;line-height: 107%;font-family: Arial, 'sans-serif';color: #000000\">Limpia y desinfecta en una sola aplicaci\u00f3n.<\/span><\/p>\n<p class=\"MsoNormal\" style=\"text-align: justify\"><span style=\"font-size: 12pt;line-height: 107%;font-family: Arial, 'sans-serif';color: #000000\">Es un desinfectante formulado con \u00e1cidos org\u00e1nicos, per\u00f3xidos, surfactantes y amortiguador inorg\u00e1nico estabilizado.<\/span><\/p>\n<p class=\"MsoNormal\" style=\"text-align: justify\"><span style=\"font-size: 12pt;line-height: 107%;font-family: Arial, 'sans-serif';color: #000000\">Posee el m\u00e1s amplio espectro contra virus, bacterias, hongos y algas.<\/span><\/p>\n<p class=\"MsoNormal\" style=\"text-align: justify\"><span style=\"font-size: 12pt;line-height: 107%;font-family: Arial, 'sans-serif';color: #000000\">Virkon s<sup>MR<\/sup> es muy seguro para la salud animal y humana, no requiri\u00e9ndose pr\u00e1cticamente ning\u00fan equipo especial para su aplicaci\u00f3n.<\/span><\/p>\n<p class=\"MsoNormal\" style=\"text-align: justify\"><span style=\"font-size: 12pt;line-height: 107%;font-family: Arial, 'sans-serif';color: #000000\">Por sus m\u00faltiples ventajas puede ser usado en cualquier tipo de instalaci\u00f3n por delicada que \u00e9sta sea, brindando una excelente protecci\u00f3n en brotes agudos de enfermedades virales, bacterianas, f\u00fangicas y mixtas, creando un ambiente est\u00e9ril y sano.<\/span><\/p>\n<p class=\"MsoNormal\" style=\"text-align: justify\"><span style=\"font-size: 12pt;line-height: 107%;font-family: Arial, 'sans-serif';color: #000000\">Es ideal en el uso de arcos sanitarios.<\/span><\/p>\n<p class=\"MsoNormal\" style=\"text-align: justify\"><span style=\"font-size: 12pt;line-height: 107%;font-family: Arial, 'sans-serif';color: #000000\">Antes de cualquier tratamiento desinfectante, es muy importante hacer una buena limpieza. Esto permite un mejor efecto del desinfectante y un control m\u00e1s efectivo de los pat\u00f3genos.<\/span><\/p>\n<p class=\"MsoNormal\" style=\"text-align: justify\"><span style=\"font-size: 12pt;line-height: 107%;font-family: Arial, 'sans-serif';color: #000000\">No olvide que a la par de la desinfecci\u00f3n, debe seguirse un pro\u00adgrama de eliminaci\u00f3n de plagas.<\/span><\/p>\n<p class=\"MsoNormal\" style=\"text-align: justify\"><span style=\"font-size: 12pt;line-height: 107%;font-family: Arial, 'sans-serif';color: #000000\">Consulte al representante Bayer de su zona.<\/span><\/p>\n<p class=\"MsoNormal\" style=\"text-align: justify\"><b><span style=\"font-size: 12pt;line-height: 107%;font-family: Arial, 'sans-serif';color: #2c9ffd\">Dosis:<\/span><\/b><\/p>\n<p class=\"MsoNormal\" style=\"text-align: justify\"><span style=\"font-size: 12pt;line-height: 107%;font-family: Arial, 'sans-serif';color: #000000\">La dosis normal de virkon s<sup>Mr<\/sup> es de 1:100 a 1:200 en agua, ya sea por aspersi\u00f3n, inmersi\u00f3n, micronizaci\u00f3n (ULV), nebulizaci\u00f3n en fr\u00edo o lavado aplicando 200-300 ml de soluci\u00f3n por m2 de superficie a tratar.<\/span><\/p>\n<p class=\"MsoNormal\" style=\"text-align: justify\"><span style=\"font-size: 12pt;line-height: 107%;font-family: Arial, 'sans-serif';color: #000000\">Para potabilizar el agua se utiliza una diluci\u00f3n de 1:1,000.<\/span><\/p>\n<p class=\"MsoNormal\" style=\"text-align: justify\"><span style=\"font-size: 12pt;line-height: 107%;font-family: Arial, 'sans-serif';color: #000000\">Algunas dosis precisas de virkon s<sup>MR<\/sup> contra pat\u00f3genos son:<\/span><\/p>\n<table class=\"MsoTableGrid\" style=\"border-collapse: collapse;border: none\" border=\"1\" cellspacing=\"0\" cellpadding=\"0\">\n<tbody>\n<tr>\n<td style=\"border: solid 1pt;padding: 0cm 5.4pt 0cm 5.4pt\" valign=\"top\">\n<p class=\"MsoNormal\" style=\"margin-bottom: 7.5pt;text-align: justify;line-height: normal\"><b><span style=\"font-size: 12pt;font-family: Arial, 'sans-serif'\">Microorganismos<\/span><\/b><\/p>\n<\/td>\n<td style=\"border: solid 1pt;border-left: none;padding: 0cm 5.4pt 0cm 5.4pt\" valign=\"top\">\n<p class=\"MsoNormal\" style=\"margin-bottom: 7.5pt;text-align: justify;line-height: normal\"><b><span style=\"font-size: 12pt;font-family: Arial, 'sans-serif'\">Concentraci\u00f3n<\/span><\/b><\/p>\n<\/td>\n<\/tr>\n<tr>\n<td style=\"border: solid 1pt;border-top: none;padding: 0cm 5.4pt 0cm 5.4pt\" valign=\"top\">\n<p class=\"MsoNormal\" style=\"margin-bottom: 7.5pt;text-align: justify;line-height: 12pt\"><i><span style=\"font-size: 12pt;font-family: Arial, 'sans-serif'\">Staphylococcus spp<\/span><\/i><\/p>\n<\/td>\n<td style=\"border-top: none;border-left: none;border-bottom: solid 1pt;border-right: solid 1pt;padding: 0cm 5.4pt 0cm 5.4pt\" valign=\"top\">\n<p class=\"MsoNormal\" style=\"margin-bottom: 7.5pt;text-align: justify;line-height: 12pt\"><span style=\"font-size: 12pt;font-family: Arial, 'sans-serif'\">1:100<\/span><\/p>\n<\/td>\n<\/tr>\n<tr>\n<td style=\"border: solid 1pt;border-top: none;padding: 0cm 5.4pt 0cm 5.4pt\" valign=\"top\">\n<p class=\"MsoNormal\" style=\"margin-bottom: 7.5pt;text-align: justify;line-height: 12pt\"><i><span style=\"font-size: 12pt;font-family: Arial, 'sans-serif'\">Bacillus anthracis<\/span><\/i><\/p>\n<\/td>\n<td style=\"border-top: none;border-left: none;border-bottom: solid 1pt;border-right: solid 1pt;padding: 0cm 5.4pt 0cm 5.4pt\" valign=\"top\">\n<p class=\"MsoNormal\" style=\"margin-bottom: 7.5pt;text-align: justify;line-height: 12pt\"><span style=\"font-size: 12pt;font-family: Arial, 'sans-serif'\">1:200<\/span><\/p>\n<\/td>\n<\/tr>\n<tr>\n<td style=\"border: solid 1pt;border-top: none;padding: 0cm 5.4pt 0cm 5.4pt\" valign=\"top\">\n<p class=\"MsoNormal\" style=\"margin-bottom: 7.5pt;text-align: justify;line-height: 12pt\"><i><span style=\"font-size: 12pt;font-family: Arial, 'sans-serif'\">Escherichia coli<\/span><\/i><\/p>\n<\/td>\n<td style=\"border-top: none;border-left: none;border-bottom: solid 1pt;border-right: solid 1pt;padding: 0cm 5.4pt 0cm 5.4pt\" valign=\"top\">\n<p class=\"MsoNormal\" style=\"margin-bottom: 7.5pt;text-align: justify;line-height: 12pt\"><span style=\"font-size: 12pt;font-family: Arial, 'sans-serif'\">1:100<\/span><\/p>\n<\/td>\n<\/tr>\n<tr>\n<td style=\"border: solid 1pt;border-top: none;padding: 0cm 5.4pt 0cm 5.4pt\" valign=\"top\">\n<p class=\"MsoNormal\" style=\"margin-bottom: 7.5pt;text-align: justify;line-height: 12pt\"><i><span style=\"font-size: 12pt;font-family: Arial, 'sans-serif'\">Salmonella spp<\/span><\/i><\/p>\n<\/td>\n<td style=\"border-top: none;border-left: none;border-bottom: solid 1pt;border-right: solid 1pt;padding: 0cm 5.4pt 0cm 5.4pt\" valign=\"top\">\n<p class=\"MsoNormal\" style=\"margin-bottom: 7.5pt;text-align: justify;line-height: 12pt\"><span style=\"font-size: 12pt;font-family: Arial, 'sans-serif'\">1:100<\/span><\/p>\n<\/td>\n<\/tr>\n<tr>\n<td style=\"border: solid 1pt;border-top: none;padding: 0cm 5.4pt 0cm 5.4pt\" valign=\"top\">\n<p class=\"MsoNormal\" style=\"margin-bottom: 7.5pt;text-align: justify;line-height: 12pt\"><i><span style=\"font-size: 12pt;font-family: Arial, 'sans-serif'\">Salmonella enteritidis<\/span><\/i><span style=\"font-size: 12pt;font-family: Arial, 'sans-serif'\">\u00a0y\u00a0<i>S. typhimurium<\/i><\/span><\/p>\n<\/td>\n<td style=\"border-top: none;border-left: none;border-bottom: solid 1pt;border-right: solid 1pt;padding: 0cm 5.4pt 0cm 5.4pt\" valign=\"top\">\n<p class=\"MsoNormal\" style=\"margin-bottom: 7.5pt;text-align: justify;line-height: 12pt\"><span style=\"font-size: 12pt;font-family: Arial, 'sans-serif'\">1:500<\/span><\/p>\n<\/td>\n<\/tr>\n<tr>\n<td style=\"border: solid 1pt;border-top: none;padding: 0cm 5.4pt 0cm 5.4pt\" valign=\"top\">\n<p class=\"MsoNormal\" style=\"margin-bottom: 7.5pt;text-align: justify;line-height: 12pt\"><i><span style=\"font-size: 12pt;font-family: Arial, 'sans-serif'\">Pseudomonas aeruginosa<\/span><\/i><\/p>\n<\/td>\n<td style=\"border-top: none;border-left: none;border-bottom: solid 1pt;border-right: solid 1pt;padding: 0cm 5.4pt 0cm 5.4pt\" valign=\"top\">\n<p class=\"MsoNormal\" style=\"margin-bottom: 7.5pt;text-align: justify;line-height: 12pt\"><span style=\"font-size: 12pt;font-family: Arial, 'sans-serif'\">1:100<\/span><\/p>\n<\/td>\n<\/tr>\n<tr>\n<td style=\"border: solid 1pt;border-top: none;padding: 0cm 5.4pt 0cm 5.4pt\" valign=\"top\">\n<p class=\"MsoNormal\" style=\"margin-bottom: 7.5pt;text-align: justify;line-height: 12pt\"><i><span style=\"font-size: 12pt;font-family: Arial, 'sans-serif'\">Enterobacter clocae<\/span><\/i><\/p>\n<\/td>\n<td style=\"border-top: none;border-left: none;border-bottom: solid 1pt;border-right: solid 1pt;padding: 0cm 5.4pt 0cm 5.4pt\" valign=\"top\">\n<p class=\"MsoNormal\" style=\"margin-bottom: 7.5pt;text-align: justify;line-height: 12pt\"><span style=\"font-size: 12pt;font-family: Arial, 'sans-serif'\">1:200<\/span><\/p>\n<\/td>\n<\/tr>\n<tr>\n<td style=\"border: solid 1pt;border-top: none;padding: 0cm 5.4pt 0cm 5.4pt\" valign=\"top\">\n<p class=\"MsoNormal\" style=\"margin-bottom: 7.5pt;text-align: justify;line-height: 12pt\"><i><span style=\"font-size: 12pt;font-family: Arial, 'sans-serif'\">Candida albicans<\/span><\/i><\/p>\n<\/td>\n<td style=\"border-top: none;border-left: none;border-bottom: solid 1pt;border-right: solid 1pt;padding: 0cm 5.4pt 0cm 5.4pt\" valign=\"top\">\n<p class=\"MsoNormal\" style=\"margin-bottom: 7.5pt;text-align: justify;line-height: 12pt\"><span style=\"font-size: 12pt;font-family: Arial, 'sans-serif'\">1:200<\/span><\/p>\n<\/td>\n<\/tr>\n<tr>\n<td style=\"border: solid 1pt;border-top: none;padding: 0cm 5.4pt 0cm 5.4pt\" valign=\"top\">\n<p class=\"MsoNormal\" style=\"margin-bottom: 7.5pt;text-align: justify;line-height: 12pt\"><i><span style=\"font-size: 12pt;font-family: Arial, 'sans-serif'\">Aspergillus spp<\/span><\/i><\/p>\n<\/td>\n<td style=\"border-top: none;border-left: none;border-bottom: solid 1pt;border-right: solid 1pt;padding: 0cm 5.4pt 0cm 5.4pt\" valign=\"top\">\n<p class=\"MsoNormal\" style=\"margin-bottom: 7.5pt;text-align: justify;line-height: 12pt\"><span style=\"font-size: 12pt;font-family: Arial, 'sans-serif'\">1:100<\/span><\/p>\n<\/td>\n<\/tr>\n<tr>\n<td style=\"border: solid 1pt;border-top: none;padding: 0cm 5.4pt 0cm 5.4pt\" valign=\"top\">\n<p class=\"MsoNormal\" style=\"margin-bottom: 7.5pt;text-align: justify;line-height: 12pt\"><i><span style=\"font-size: 12pt;font-family: Arial, 'sans-serif'\">Microsporum canis<\/span><\/i><\/p>\n<\/td>\n<td style=\"border-top: none;border-left: none;border-bottom: solid 1pt;border-right: solid 1pt;padding: 0cm 5.4pt 0cm 5.4pt\" valign=\"top\">\n<p class=\"MsoNormal\" style=\"margin-bottom: 7.5pt;text-align: justify;line-height: 12pt\"><span style=\"font-size: 12pt;font-family: Arial, 'sans-serif'\">1:300<\/span><\/p>\n<\/td>\n<\/tr>\n<tr>\n<td style=\"border: solid 1pt;border-top: none;padding: 0cm 5.4pt 0cm 5.4pt\" valign=\"top\">\n<p class=\"MsoNormal\" style=\"margin-bottom: 7.5pt;text-align: justify;line-height: 12pt\"><i><span style=\"font-size: 12pt;font-family: Arial, 'sans-serif'\">Birnavirus<\/span><\/i><\/p>\n<\/td>\n<td style=\"border-top: none;border-left: none;border-bottom: solid 1pt;border-right: solid 1pt;padding: 0cm 5.4pt 0cm 5.4pt\" valign=\"top\">\n<p class=\"MsoNormal\" style=\"margin-bottom: 7.5pt;text-align: justify;line-height: 12pt\"><span style=\"font-size: 12pt;font-family: Arial, 'sans-serif'\">1:250<\/span><\/p>\n<\/td>\n<\/tr>\n<tr>\n<td style=\"border: solid 1pt;border-top: none;padding: 0cm 5.4pt 0cm 5.4pt\" valign=\"top\">\n<p class=\"MsoNormal\" style=\"margin-bottom: 7.5pt;text-align: justify;line-height: 12pt\"><i><span style=\"font-size: 12pt;font-family: Arial, 'sans-serif'\">Circovirus<\/span><\/i><\/p>\n<\/td>\n<td style=\"border-top: none;border-left: none;border-bottom: solid 1pt;border-right: solid 1pt;padding: 0cm 5.4pt 0cm 5.4pt\" valign=\"top\">\n<p class=\"MsoNormal\" style=\"margin-bottom: 7.5pt;text-align: justify;line-height: 12pt\"><span style=\"font-size: 12pt;font-family: Arial, 'sans-serif'\">1:250<\/span><\/p>\n<\/td>\n<\/tr>\n<tr>\n<td style=\"border: solid 1pt;border-top: none;padding: 0cm 5.4pt 0cm 5.4pt\" valign=\"top\">\n<p class=\"MsoNormal\" style=\"margin-bottom: 7.5pt;text-align: justify;line-height: 12pt\"><i><span style=\"font-size: 12pt;font-family: Arial, 'sans-serif'\">Herpetovirus<\/span><\/i><\/p>\n<\/td>\n<td style=\"border-top: none;border-left: none;border-bottom: solid 1pt;border-right: solid 1pt;padding: 0cm 5.4pt 0cm 5.4pt\" valign=\"top\">\n<p class=\"MsoNormal\" style=\"margin-bottom: 7.5pt;text-align: justify;line-height: 12pt\"><span style=\"font-size: 12pt;font-family: Arial, 'sans-serif'\">1:200<\/span><\/p>\n<\/td>\n<\/tr>\n<tr>\n<td style=\"border: solid 1pt;border-top: none;padding: 0cm 5.4pt 0cm 5.4pt\" valign=\"top\">\n<p class=\"MsoNormal\" style=\"margin-bottom: 7.5pt;text-align: justify;line-height: 12pt\"><i><span style=\"font-size: 12pt;font-family: Arial, 'sans-serif'\">Orthomyxovirus<\/span><\/i><\/p>\n<\/td>\n<td style=\"border-top: none;border-left: none;border-bottom: solid 1pt;border-right: solid 1pt;padding: 0cm 5.4pt 0cm 5.4pt\" valign=\"top\">\n<p class=\"MsoNormal\" style=\"margin-bottom: 7.5pt;text-align: justify;line-height: 12pt\"><span style=\"font-size: 12pt;font-family: Arial, 'sans-serif'\">1:320<\/span><\/p>\n<\/td>\n<\/tr>\n<tr>\n<td style=\"border: solid 1pt;border-top: none;padding: 0cm 5.4pt 0cm 5.4pt\" valign=\"top\">\n<p class=\"MsoNormal\" style=\"margin-bottom: 7.5pt;text-align: justify;line-height: 12pt\"><i><span style=\"font-size: 12pt;font-family: Arial, 'sans-serif'\">Adenovirus<\/span><\/i><\/p>\n<\/td>\n<td style=\"border-top: none;border-left: none;border-bottom: solid 1pt;border-right: solid 1pt;padding: 0cm 5.4pt 0cm 5.4pt\" valign=\"top\">\n<p class=\"MsoNormal\" style=\"margin-bottom: 7.5pt;text-align: justify;line-height: 12pt\"><span style=\"font-size: 12pt;font-family: Arial, 'sans-serif'\">1:100<\/span><\/p>\n<\/td>\n<\/tr>\n<tr>\n<td style=\"border: solid 1pt;border-top: none;padding: 0cm 5.4pt 0cm 5.4pt\" valign=\"top\">\n<p class=\"MsoNormal\" style=\"margin-bottom: 7.5pt;text-align: justify;line-height: 12pt\"><i><span style=\"font-size: 12pt;font-family: Arial, 'sans-serif'\">Reovirus<\/span><\/i><\/p>\n<\/td>\n<td style=\"border-top: none;border-left: none;border-bottom: solid 1pt;border-right: solid 1pt;padding: 0cm 5.4pt 0cm 5.4pt\" valign=\"top\">\n<p class=\"MsoNormal\" style=\"margin-bottom: 7.5pt;text-align: justify;line-height: 12pt\"><span style=\"font-size: 12pt;font-family: Arial, 'sans-serif'\">1:200<\/span><\/p>\n<\/td>\n<\/tr>\n<\/tbody>\n<\/table>\n<p class=\"MsoNormal\" style=\"text-align: justify\">\n","protected":false},"excerpt":{"rendered":"<p>F\u00f3rmula: Triple sal de potasio 49.40% Cloruro de sodio 1.50% Excipientes, c.b.p. 100.00% Uso en: \u00a0 \u00a0 V\u00eda de administraci\u00f3n: Diverso Descripci\u00f3n: Posee un efecto superior contra microorganismos. No es corrosivo ni irritante. No contamina, por el contrario, reduce la infecci\u00f3n micro\u00adbio\u00adl\u00f3gica. No mancha. Su ligero aroma a lim\u00f3n brinda una propiedad deo\u00addorizante adicional. Es [&hellip;]<\/p>\n","protected":false},"featured_media":343,"comment_status":"open","ping_status":"closed","template":"","meta":{"_et_pb_use_builder":"","_et_pb_old_content":"","_et_gb_content_width":"","spay_email":""},"_links":{"self":[{"href":"https:\/\/farmaciaveterinarialaconquista.com\/index.php\/wp-json\/wp\/v2\/product\/305"}],"collection":[{"href":"https:\/\/farmaciaveterinarialaconquista.com\/index.php\/wp-json\/wp\/v2\/product"}],"about":[{"href":"https:\/\/farmaciaveterinarialaconquista.com\/index.php\/wp-json\/wp\/v2\/types\/product"}],"replies":[{"embeddable":true,"href":"https:\/\/farmaciaveterinarialaconquista.com\/index.php\/wp-json\/wp\/v2\/comments?post=305"}],"wp:featuredmedia":[{"embeddable":true,"href":"https:\/\/farmaciaveterinarialaconquista.com\/index.php\/wp-json\/wp\/v2\/media\/343"}],"wp:attachment":[{"href":"https:\/\/farmaciaveterinarialaconquista.com\/index.php\/wp-json\/wp\/v2\/media?parent=305"}],"curies":[{"name":"wp","href":"https:\/\/api.w.org\/{rel}","templated":true}]}}