{"id":26,"date":"2020-04-10T02:22:38","date_gmt":"2020-04-10T07:22:38","guid":{"rendered":"http:\/\/farmaciaveterinarialaconquista.com\/index.php\/producto\/import-placeholder-for-279\/"},"modified":"2025-09-24T12:08:11","modified_gmt":"2025-09-24T18:08:11","slug":"balsamo-blanco-100-grs","status":"publish","type":"product","link":"https:\/\/farmaciaveterinarialaconquista.com\/index.php\/producto\/balsamo-blanco-100-grs\/","title":{"rendered":"B\u00e1lsamo blanco 100 grs"},"content":{"rendered":"<p><strong>F\u00f3rmula:<\/strong><\/p>\n<p>Alcanfor 50 mg<\/p>\n<p>Mentol 20 mg<\/p>\n<p>Saliciato de metilo 100 mg<\/p>\n<p>Aceite de cedro 23 mg<\/p>\n<p>\u00d3xido de zinc 100 mg<\/p>\n<p>Eucaliptol 80 mg<\/p>\n<p>Lanolina anhidra 25 mg<\/p>\n<p>Veh\u00edculo c.b.p 1 g<\/p>\n<p><strong>Uso en:<\/strong><\/p>\n<p class=\"Normal\"><span class=\"imgIpp\">\u00a0<img src=\"http:\/\/www.plmconnection.com\/plmservices\/VetSearchEngine\/M%C3%A9xico\/PEV39\/img\/vaca.png\" alt=\"\" \/>\u00a0<img src=\"http:\/\/www.plmconnection.com\/plmservices\/VetSearchEngine\/M%C3%A9xico\/PEV39\/img\/toro.png\" alt=\"\" \/>\u00a0<img src=\"http:\/\/www.plmconnection.com\/plmservices\/VetSearchEngine\/M%C3%A9xico\/PEV39\/img\/cabra.png\" alt=\"\" \/>\u00a0<img src=\"http:\/\/www.plmconnection.com\/plmservices\/VetSearchEngine\/M%C3%A9xico\/PEV39\/img\/oveja.png\" alt=\"\" \/>\u00a0 \u00a0 <\/span><span class=\"imgIpp\"><img src=\"http:\/\/www.plmconnection.com\/plmservices\/VetSearchEngine\/M%C3%A9xico\/PEV39\/img\/porcino.png\" alt=\"\" \/>\u00a0<img src=\"http:\/\/www.plmconnection.com\/plmservices\/VetSearchEngine\/M%C3%A9xico\/PEV39\/img\/perro.png\" alt=\"\" \/>\u00a0<img src=\"http:\/\/www.plmconnection.com\/plmservices\/VetSearchEngine\/M%C3%A9xico\/PEV39\/img\/gato.png\" alt=\"\" \/>\u00a0<img src=\"http:\/\/www.plmconnection.com\/plmservices\/VetSearchEngine\/M%C3%A9xico\/PEV39\/img\/caballo.png\" alt=\"\" \/><\/span><\/p>\n<p><strong>V\u00eda de administraci\u00f3n:<\/strong><\/p>\n<p>T\u00f3pica<\/p>\n<p><strong>Descripci\u00f3n:<\/strong><\/p>\n<p>Pomada con acci\u00f3n desin\ufb02amatoria y rubefaciente, \u00fatil como coadyuvante en el tratamiento de ubres in\ufb02amadas por padecimientos tales como: mastitis, ubres cuarteadas y heridas causadas por golpes, in\ufb02amaciones musculares y articulares, torceduras y esguinces, as\u00ed como reumatismo en general.<\/p>\n<p>Tratamiento de in\ufb02amaci\u00f3n de ubres y pezones cuarteados, golpes y lesiones articulares, torceduras, esguinces y dolores reum\u00e1ticos.<\/p>\n<p><strong>Dosis:<\/strong><\/p>\n<p>Aplicar en la zona afectada previa limpieza y frotar para mejorar el efecto rubefaciente y\u00a0 la penetraci\u00f3n de los ingredientes activos.<\/p>\n<p>En caso de mastitis aplicar despu\u00e9s de cada orde\u00f1a.<\/p>\n","protected":false},"excerpt":{"rendered":"<p>F\u00f3rmula: Alcanfor 50 mg Mentol 20 mg Saliciato de metilo 100 mg Aceite de cedro 23 mg \u00d3xido de zinc 100 mg Eucaliptol 80 mg Lanolina anhidra 25 mg Veh\u00edculo c.b.p 1 g Uso en: \u00a0\u00a0\u00a0\u00a0\u00a0 \u00a0 \u00a0\u00a0\u00a0 V\u00eda de administraci\u00f3n: T\u00f3pica Descripci\u00f3n: Pomada con acci\u00f3n desin\ufb02amatoria y rubefaciente, \u00fatil como coadyuvante en el tratamiento [&hellip;]<\/p>\n","protected":false},"featured_media":69,"comment_status":"open","ping_status":"closed","template":"","meta":{"_et_pb_use_builder":"","_et_pb_old_content":"","_et_gb_content_width":"","spay_email":""},"_links":{"self":[{"href":"https:\/\/farmaciaveterinarialaconquista.com\/index.php\/wp-json\/wp\/v2\/product\/26"}],"collection":[{"href":"https:\/\/farmaciaveterinarialaconquista.com\/index.php\/wp-json\/wp\/v2\/product"}],"about":[{"href":"https:\/\/farmaciaveterinarialaconquista.com\/index.php\/wp-json\/wp\/v2\/types\/product"}],"replies":[{"embeddable":true,"href":"https:\/\/farmaciaveterinarialaconquista.com\/index.php\/wp-json\/wp\/v2\/comments?post=26"}],"wp:featuredmedia":[{"embeddable":true,"href":"https:\/\/farmaciaveterinarialaconquista.com\/index.php\/wp-json\/wp\/v2\/media\/69"}],"wp:attachment":[{"href":"https:\/\/farmaciaveterinarialaconquista.com\/index.php\/wp-json\/wp\/v2\/media?parent=26"}],"curies":[{"name":"wp","href":"https:\/\/api.w.org\/{rel}","templated":true}]}}