{"id":240,"date":"2020-04-10T02:25:36","date_gmt":"2020-04-10T07:25:36","guid":{"rendered":"http:\/\/farmaciaveterinarialaconquista.com\/index.php\/producto\/import-placeholder-for-442\/"},"modified":"2025-09-20T14:52:46","modified_gmt":"2025-09-20T20:52:46","slug":"th4-desinfectante-1-lt","status":"publish","type":"product","link":"https:\/\/farmaciaveterinarialaconquista.com\/index.php\/producto\/th4-desinfectante-1-lt\/","title":{"rendered":"TH4 desinfectante 1 lt"},"content":{"rendered":"<p class=\"MsoNormal\" style=\"text-align: justify\"><b><span style=\"font-size: 12pt;line-height: 107%;font-family: Arial, 'sans-serif';color: #2c9ffd\">F\u00f3rmula:<\/span><\/b><\/p>\n<p class=\"MsoNormal\" style=\"text-align: justify\"><span style=\"font-size: 12pt;line-height: 107%;font-family: Arial, sans-serif\">Cada ml contiene:<\/span><\/p>\n<p class=\"MsoNormal\" style=\"text-align: justify\"><span style=\"font-size: 12pt;line-height: 107%;font-family: Arial, sans-serif\">Didecil dimetil amonio 18.75 g<\/span><\/p>\n<p class=\"MsoNormal\" style=\"text-align: justify\"><span style=\"font-size: 12pt;line-height: 107%;font-family: Arial, sans-serif\">Alquil dimetil benzil cloruro de amonio 50.00 g<\/span><\/p>\n<p class=\"MsoNormal\" style=\"text-align: justify\"><span style=\"font-size: 12pt;line-height: 107%;font-family: Arial, sans-serif\">Octil dicildimetil cloruro de amonio 37.50 g<\/span><\/p>\n<p class=\"MsoNormal\" style=\"text-align: justify\"><span style=\"font-size: 12pt;line-height: 107%;font-family: Arial, sans-serif\">Dioctil dimetil cloruro de amonio 18.75 g<\/span><\/p>\n<p class=\"MsoNormal\" style=\"text-align: justify\"><span style=\"font-size: 12pt;line-height: 107%;font-family: Arial, sans-serif\">Glutaraldeh\u00eddo 62.50 g<\/span><\/p>\n<p class=\"MsoNormal\" style=\"text-align: justify\"><span style=\"font-size: 12pt;line-height: 107%;font-family: Arial, sans-serif\">Aceite de pino 20.00 g<\/span><\/p>\n<p class=\"MsoNormal\" style=\"text-align: justify\"><span style=\"font-size: 12pt;line-height: 107%;font-family: Arial, sans-serif\">Terpinol 20.00 g<\/span><\/p>\n<p class=\"MsoNormal\" style=\"text-align: justify\"><span style=\"font-size: 12pt;line-height: 107%;font-family: Arial, sans-serif\">Veh\u00edculo, c.b.p. 1,000 ml.<\/span><\/p>\n<p class=\"MsoNormal\" style=\"text-align: justify\"><b><span style=\"font-size: 12pt;line-height: 107%;font-family: Arial, 'sans-serif';color: #2c9ffd\">Uso en:<\/span><\/b><\/p>\n<p class=\"MsoNormal\" style=\"text-align: justify\">\n<p><img src=\"http:\/\/www.plmconnection.com\/plmservices\/VetSearchEngine\/M%C3%A9xico\/PEV39\/img\/cuadro2.png\" alt=\"cuadro2.png\" \/><\/p>\n<p class=\"MsoNormal\" style=\"text-align: justify\"><b><span style=\"font-size: 12pt;line-height: 107%;font-family: Arial, 'sans-serif';color: #2c9ffd\">V\u00eda de administraci\u00f3n:<\/span><\/b><\/p>\n<p class=\"MsoNormal\" style=\"text-align: justify\"><span style=\"font-size: 12pt;line-height: 107%;font-family: Arial, sans-serif\">Diversa<\/span><\/p>\n<p class=\"MsoNormal\" style=\"text-align: justify\"><b><span style=\"font-size: 12pt;line-height: 107%;font-family: Arial, 'sans-serif';color: #2c9ffd\">Descripci\u00f3n:<\/span><\/b><\/p>\n<p class=\"MsoNormal\" style=\"text-align: justify\"><span style=\"font-size: 12pt;line-height: 107%;font-family: Arial, sans-serif\">Es un producto de color verde claro con un olor suave a pino, elaborado a partir de la combinaci\u00f3n de cuatro cuaternarios de amonio (CUA) de cadena larga (que se considera una combinaci\u00f3n de CUA de cuarta y quinta generaci\u00f3n) y glutaraldeh\u00eddo, con dos derivados terp\u00e9nicos, en proporciones adecuadas que logran la m\u00e1xima sinergia entre los compuestos, dando como resultado un desinfectante con amplio espectro de acci\u00f3n, altamente efectivo en diferentes tipos de instalaciones, en presencia de material org\u00e1nico y aguas duras, presentando actividad contra una gran cantidad de g\u00e9rmenes pat\u00f3genos, como bacterias, virus, levaduras y hongos.<\/span><\/p>\n<p class=\"MsoNormal\" style=\"text-align: justify\"><b><span style=\"font-size: 12pt;line-height: 107%;font-family: Arial, 'sans-serif';color: #2c9ffd\">Dosis:<\/span><\/b><\/p>\n<p class=\"MsoNormal\" style=\"text-align: justify\"><span style=\"font-size: 12pt;line-height: 107%;font-family: Arial, sans-serif\">Enfermedad no espec\u00edfica: use TH4+\u00ae DESINFECTANTE en diluci\u00f3n 1:200, para tratar 600 m2.<\/span><\/p>\n<p class=\"MsoNormal\" style=\"text-align: justify\"><span style=\"font-size: 12pt;line-height: 107%;font-family: Arial, sans-serif\">Contra manifestaciones de enfermedades espec\u00edficas:<\/span><\/p>\n<p class=\"MsoNormal\" style=\"text-align: justify\"><span style=\"font-size: 12pt;line-height: 107%;font-family: Arial, sans-serif\">2. Inmersi\u00f3n (tapetes sanitarios y arcos sanitarios):<\/span><\/p>\n<table class=\"MsoTableGrid\" style=\"border-collapse: collapse;border: none\" border=\"1\" cellspacing=\"0\" cellpadding=\"0\">\n<tbody>\n<tr>\n<td style=\"border: solid 1pt;padding: 0cm 5.4pt 0cm 5.4pt\">\n<p class=\"MsoNormal\" style=\"margin-bottom: 7.5pt;text-align: justify;line-height: normal\"><b><span style=\"font-size: 12pt;font-family: Arial, 'sans-serif'\">Enfermedad debida a<\/span><\/b><\/p>\n<p>&nbsp;<\/td>\n<td style=\"border: solid 1pt;border-left: none;padding: 0cm 5.4pt 0cm 5.4pt\">\n<p class=\"MsoNormal\" style=\"margin-bottom: 7.5pt;text-align: justify;line-height: normal\"><b><span style=\"font-size: 12pt;font-family: Arial, 'sans-serif'\">Diluci\u00f3n\u00a0TH4+<sup>\u00ae<\/sup><\/span><\/b><\/p>\n<p>&nbsp;<\/p>\n<p class=\"MsoNormal\" style=\"margin-bottom: 7.5pt;text-align: justify;line-height: normal\"><b><span style=\"font-size: 12pt;font-family: Arial, 'sans-serif'\">DESINFECTANTE<\/span><\/b><\/p>\n<p>&nbsp;<\/td>\n<\/tr>\n<tr>\n<td style=\"border: solid 1pt;border-top: none;padding: 0cm 5.4pt 0cm 5.4pt\" valign=\"top\">\n<p class=\"MsoNormal\" style=\"margin-bottom: 7.5pt;text-align: justify;line-height: normal\"><span style=\"font-size: 12pt;font-family: Arial, 'sans-serif'\">Picornavirus, parvovirus<\/span><\/p>\n<\/td>\n<td style=\"border-top: none;border-left: none;border-bottom: solid 1pt;border-right: solid 1pt;padding: 0cm 5.4pt 0cm 5.4pt\" valign=\"top\">\n<p class=\"MsoNormal\" style=\"margin-bottom: 7.5pt;text-align: justify;line-height: normal\"><span style=\"font-size: 12pt;font-family: Arial, 'sans-serif'\">1:50<\/span><\/p>\n<\/td>\n<\/tr>\n<tr>\n<td style=\"border: solid 1pt;border-top: none;padding: 0cm 5.4pt 0cm 5.4pt\" valign=\"top\">\n<p class=\"MsoNormal\" style=\"margin-bottom: 7.5pt;text-align: justify;line-height: normal\"><span style=\"font-size: 12pt;font-family: Arial, 'sans-serif'\">Adenovirus<\/span><\/p>\n<\/td>\n<td style=\"border-top: none;border-left: none;border-bottom: solid 1pt;border-right: solid 1pt;padding: 0cm 5.4pt 0cm 5.4pt\" valign=\"top\">\n<p class=\"MsoNormal\" style=\"margin-bottom: 7.5pt;text-align: justify;line-height: normal\"><span style=\"font-size: 12pt;font-family: Arial, 'sans-serif'\">1:100<\/span><\/p>\n<\/td>\n<\/tr>\n<tr>\n<td style=\"border: solid 1pt;border-top: none;padding: 0cm 5.4pt 0cm 5.4pt\" valign=\"top\">\n<p class=\"MsoNormal\" style=\"margin-bottom: 7.5pt;text-align: justify;line-height: normal\"><span style=\"font-size: 12pt;font-family: Arial, 'sans-serif'\">Otros virus, bacterias y hongos<\/span><\/p>\n<\/td>\n<td style=\"border-top: none;border-left: none;border-bottom: solid 1pt;border-right: solid 1pt;padding: 0cm 5.4pt 0cm 5.4pt\" valign=\"top\">\n<p class=\"MsoNormal\" style=\"margin-bottom: 7.5pt;text-align: justify;line-height: normal\"><span style=\"font-size: 12pt;font-family: Arial, 'sans-serif'\">1:200<\/span><\/p>\n<\/td>\n<\/tr>\n<\/tbody>\n<\/table>\n<p class=\"MsoNormal\" style=\"text-align: justify\">\n<p class=\"MsoNormal\" style=\"text-align: justify\"><span style=\"font-size: 12pt;line-height: 107%;font-family: Arial, sans-serif\">Enfermedad no espec\u00edfica: llene los tapetes y arcos con una soluci\u00f3n de TH4+\u00ae DESINFECTANTE 1:100. Cambie la soluci\u00f3n por lo menos cada semana o antes si se observa muy sucia.<\/span><\/p>\n<p class=\"MsoNormal\" style=\"text-align: justify\"><span style=\"font-size: 12pt;line-height: 107%;font-family: Arial, sans-serif\">3. Nebulizaci\u00f3n:<\/span><\/p>\n<p class=\"MsoNormal\" style=\"text-align: justify\"><span style=\"font-size: 12pt;line-height: 107%;font-family: Arial, sans-serif\">Vaporizar un fino velo de desinfectante sobre los animales puede reducir la infecci\u00f3n cruzada durante los brotes de enfermedades respiratorias u otras.<\/span><\/p>\n<p class=\"MsoNormal\" style=\"text-align: justify\"><span style=\"font-size: 12pt;line-height: 107%;font-family: Arial, sans-serif\">Aplique una llovizna muy fina de TH4+\u00ae DESINFECTANTE 2 a 4 veces al d\u00eda sobre animales. Se requieren aproximadamente 10 ml de soluci\u00f3n de TH4+\u00ae DESINFECTANTE diluido 1:200 por cada m3 de espacio a\u00e9reo a tratar.<\/span><\/p>\n<p class=\"MsoNormal\" style=\"text-align: justify\"><span style=\"font-size: 12pt;line-height: 107%;font-family: Arial, sans-serif\">4. Termonebulizaci\u00f3n (desinfecci\u00f3n terminal):<\/span><\/p>\n<p class=\"MsoNormal\" style=\"text-align: justify\"><span style=\"font-size: 12pt;line-height: 107%;font-family: Arial, sans-serif\">Use un termonebulizador capaz de crear una neblina de gotas muy finas (5 a 15 micrones de di\u00e1metro). Alimente el termonebulizador con una soluci\u00f3n de th4+\u00ae desinfectante y agua en proporci\u00f3n de 1:1.<\/span><\/p>\n<p class=\"MsoNormal\" style=\"text-align: justify\"><span style=\"font-size: 12pt;line-height: 107%;font-family: Arial, sans-serif\">Aplique 5 ml de la soluci\u00f3n por cada m3 a tratar.<\/span><\/p>\n<p class=\"MsoNormal\" style=\"text-align: justify\"><b><span style=\"font-size: 12pt;line-height: 107%;font-family: Arial, 'sans-serif';color: #2c9ffd\">Advertencias:<\/span><\/b><\/p>\n<p class=\"MsoNormal\" style=\"text-align: justify\"><span style=\"font-size: 12pt;line-height: 107%;font-family: Arial, 'sans-serif'\">Todas las precauciones de seguridad relacionadas con el uso de desinfectantes tendr\u00e1n que ser observadas al utilizar el producto.<\/span><\/p>\n<p class=\"MsoNormal\" style=\"text-align: justify\"><span style=\"font-size: 12pt;line-height: 107%;font-family: Arial, 'sans-serif'\">No ingerir.<\/span><\/p>\n<p class=\"MsoNormal\" style=\"text-align: justify\"><span style=\"font-size: 12pt;line-height: 107%;font-family: Arial, 'sans-serif'\">Evitar el contacto con la piel y los ojos.<\/span><\/p>\n<p><span style=\"font-size: 12pt;line-height: 107%;font-family: Arial, 'sans-serif'\">Use guantes, m\u00e1scaras y gafas de protecci\u00f3n.<\/span><\/p>\n","protected":false},"excerpt":{"rendered":"<p>F\u00f3rmula: Cada ml contiene: Didecil dimetil amonio 18.75 g Alquil dimetil benzil cloruro de amonio 50.00 g Octil dicildimetil cloruro de amonio 37.50 g Dioctil dimetil cloruro de amonio 18.75 g Glutaraldeh\u00eddo 62.50 g Aceite de pino 20.00 g Terpinol 20.00 g Veh\u00edculo, c.b.p. 1,000 ml. Uso en: V\u00eda de administraci\u00f3n: Diversa Descripci\u00f3n: Es un [&hellip;]<\/p>\n","protected":false},"featured_media":294,"comment_status":"open","ping_status":"closed","template":"","meta":{"_et_pb_use_builder":"","_et_pb_old_content":"","_et_gb_content_width":"","spay_email":""},"_links":{"self":[{"href":"https:\/\/farmaciaveterinarialaconquista.com\/index.php\/wp-json\/wp\/v2\/product\/240"}],"collection":[{"href":"https:\/\/farmaciaveterinarialaconquista.com\/index.php\/wp-json\/wp\/v2\/product"}],"about":[{"href":"https:\/\/farmaciaveterinarialaconquista.com\/index.php\/wp-json\/wp\/v2\/types\/product"}],"replies":[{"embeddable":true,"href":"https:\/\/farmaciaveterinarialaconquista.com\/index.php\/wp-json\/wp\/v2\/comments?post=240"}],"wp:featuredmedia":[{"embeddable":true,"href":"https:\/\/farmaciaveterinarialaconquista.com\/index.php\/wp-json\/wp\/v2\/media\/294"}],"wp:attachment":[{"href":"https:\/\/farmaciaveterinarialaconquista.com\/index.php\/wp-json\/wp\/v2\/media?parent=240"}],"curies":[{"name":"wp","href":"https:\/\/api.w.org\/{rel}","templated":true}]}}