{"id":24,"date":"2020-04-10T02:22:38","date_gmt":"2020-04-10T07:22:38","guid":{"rendered":"http:\/\/farmaciaveterinarialaconquista.com\/index.php\/producto\/import-placeholder-for-277\/"},"modified":"2025-09-24T12:07:51","modified_gmt":"2025-09-24T18:07:51","slug":"avipen-20-ml","status":"publish","type":"product","link":"https:\/\/farmaciaveterinarialaconquista.com\/index.php\/producto\/avipen-20-ml\/","title":{"rendered":"Avipen 20 ml"},"content":{"rendered":"<p>Si ves este producto agotado, env\u00eda un WhatsApp para revisar si hay en mostrador.<\/p>\n<p><strong>Formula:<\/strong><\/p>\n<p>Despu\u00e9s de agregar el diluente cada mL contiene:<\/p>\n<p>Penicilina G benzat\u00ednica 8,000 U.I.<\/p>\n<p>Penicilina G proca\u00edna 3,000 U.I.<\/p>\n<p>Penicilina G pot\u00e1sica 1,000 U.I.<\/p>\n<p>Dihidroestreptomicina sulfato 10.0 mg<\/p>\n<p>Estreptomicina sulfato 10.0 mg<\/p>\n<p>Diluente est\u00e9ril, c.b.p. 1 mL.<\/p>\n<p>Cada mL de diluente est\u00e9ril contiene:<\/p>\n<p>Dipirona s\u00f3dica 5.0 mg<\/p>\n<p>\u00c9ter glic\u00e9rico guayacol 1.5 mg<\/p>\n<p>Veh\u00edculo, c.b.p. 1 mL.<\/p>\n<p><strong>Uso en:<\/strong><\/p>\n<p><img src=\"http:\/\/www.plmconnection.com\/plmservices\/VetSearchEngine\/M%C3%A9xico\/PEV39\/img\/gallina1.png\" alt=\"\" \/>\u00a0 \u00a0<img src=\"http:\/\/www.plmconnection.com\/plmservices\/VetSearchEngine\/M%C3%A9xico\/PEV39\/img\/gallina.png\" alt=\"\" \/>\u00a0 \u00a0<img src=\"http:\/\/www.plmconnection.com\/plmservices\/VetSearchEngine\/M%C3%A9xico\/PEV39\/img\/pavo.png\" alt=\"\" \/>\u00a0<img src=\"http:\/\/www.plmconnection.com\/plmservices\/VetSearchEngine\/M%C3%A9xico\/PEV39\/img\/pato.png\" alt=\"\" \/> \u00a0\u00a0<img src=\"http:\/\/www.plmconnection.com\/plmservices\/VetSearchEngine\/M%C3%A9xico\/PEV39\/img\/gallo.png\" \/><\/p>\n<p><strong>V\u00eda de administraci\u00f3n:<\/strong><\/p>\n<p>Intramuscular profunda exclusivamente.<\/p>\n<p><strong>Descripci\u00f3n:<\/strong><\/p>\n<p>Como antibi\u00f3tico, analg\u00e9sico, antipir\u00e9tico, expectorante y broncodilatador ya que est\u00e1 constituido por penicilinas benzat\u00ednica, proca\u00ednica y pot\u00e1sica de la familia de los betalact\u00e1micos y por dos aminogluc\u00f3sidos como la estreptomicina y la dihidroestreptomicina; la combinaci\u00f3n de \u00e9stos da como resultado que el producto sea un antimicrobiano de amplio espectro por la acci\u00f3n sin\u00e9rgica que presentan sus componentes. Act\u00faa sobre agentes Gram positivos y Gram negativos.<\/p>\n<p>Puede ser usado para el tratamiento de enfermedades producidas por: Haemophilus gallinarum, Pasteurella spp, E. coli, Salmonella spp, Mycoplasma spp, tambi\u00e9n en las complicaciones respiratorias que se presentan durante Newcastle, la bronquitis infecciosa, la laringotraque\u00edtis y la enfermedad cr\u00f3nica respiratoria.<\/p>\n<p>Su acci\u00f3n analg\u00e9sica y antipir\u00e9tica es producida por la dipirona y el guayacol, pues tienen efectos expectorantes y cardiorrespiratorios.<\/p>\n<p><strong>Dosis:<\/strong><\/p>\n<p>Aves adultas: 1 mL.<\/p>\n<p>Aves de 3 a 6 semanas: 0.5 mL.<\/p>\n<p>Aves de menos de 3 semanas: 0.25 mL.<\/p>\n<p>Patos, guajolotes y gansos: 1 mL.<\/p>\n<p>En todos los casos, cada 24 horas por 4 d\u00edas consecutivos.<\/p>\n<p><strong>Advertencias:<\/strong><\/p>\n<p>Despu\u00e9s de incorporar el diluente con el polvo, si no se usa todo el contenido, cons\u00e9rvese en refrigeraci\u00f3n.<\/p>\n<p>Periodo de retiro: No deber\u00e1 usar 30 d\u00edas antes del sacrificio de animales destinados al consumo humano.<\/p>\n<p>No se administre a animales susceptibles a los componentes de la f\u00f3rmula.<\/p>\n<p>Mant\u00e9ngase fuera del alcance de los ni\u00f1os y animales dom\u00e9sticos. Este medicamento es de uso exclusivo veterinario.<\/p>\n<p>Use material est\u00e9ril en cada aplicaci\u00f3n.<\/p>\n<p>Cons\u00e9rvese en un lugar fresco y seco, alejado de la luz del sol. Mantener a temperatura entre 15 y 30\u00baC.<\/p>\n<p>No administrar en aves en producci\u00f3n de huevo para consumo humano.<\/p>\n<p>Uso veterinario.<\/p>\n<p>Su venta requiere receta m\u00e9dica.<\/p>\n<p>Consulte al M\u00e9dico Veterinario.<\/p>\n<p>Este producto es de uso exclusivo veterinario.<\/p>\n","protected":false},"excerpt":{"rendered":"<p>Si ves este producto agotado, env\u00eda un WhatsApp para revisar si hay en mostrador. Formula: Despu\u00e9s de agregar el diluente cada mL contiene: Penicilina G benzat\u00ednica 8,000 U.I. Penicilina G proca\u00edna 3,000 U.I. Penicilina G pot\u00e1sica 1,000 U.I. Dihidroestreptomicina sulfato 10.0 mg Estreptomicina sulfato 10.0 mg Diluente est\u00e9ril, c.b.p. 1 mL. Cada mL de diluente [&hellip;]<\/p>\n","protected":false},"featured_media":67,"comment_status":"open","ping_status":"closed","template":"","meta":{"_et_pb_use_builder":"","_et_pb_old_content":"","_et_gb_content_width":"","spay_email":""},"_links":{"self":[{"href":"https:\/\/farmaciaveterinarialaconquista.com\/index.php\/wp-json\/wp\/v2\/product\/24"}],"collection":[{"href":"https:\/\/farmaciaveterinarialaconquista.com\/index.php\/wp-json\/wp\/v2\/product"}],"about":[{"href":"https:\/\/farmaciaveterinarialaconquista.com\/index.php\/wp-json\/wp\/v2\/types\/product"}],"replies":[{"embeddable":true,"href":"https:\/\/farmaciaveterinarialaconquista.com\/index.php\/wp-json\/wp\/v2\/comments?post=24"}],"wp:featuredmedia":[{"embeddable":true,"href":"https:\/\/farmaciaveterinarialaconquista.com\/index.php\/wp-json\/wp\/v2\/media\/67"}],"wp:attachment":[{"href":"https:\/\/farmaciaveterinarialaconquista.com\/index.php\/wp-json\/wp\/v2\/media?parent=24"}],"curies":[{"name":"wp","href":"https:\/\/api.w.org\/{rel}","templated":true}]}}