{"id":20,"date":"2020-04-10T02:22:37","date_gmt":"2020-04-10T07:22:37","guid":{"rendered":"http:\/\/farmaciaveterinarialaconquista.com\/index.php\/producto\/import-placeholder-for-273\/"},"modified":"2025-09-20T15:23:41","modified_gmt":"2025-09-20T21:23:41","slug":"asuntol-wp-50-15grs","status":"publish","type":"product","link":"https:\/\/farmaciaveterinarialaconquista.com\/index.php\/producto\/asuntol-wp-50-15grs\/","title":{"rendered":"Asuntol WP 50 % 15grs"},"content":{"rendered":"<p>Si ves este producto agotado, env\u00eda un WhatsApp para revisar si hay en mostrador.<\/p>\n<p><strong><b>Formula:<\/b><\/strong><\/p>\n<p>Composici\u00f3n porcentual: % en peso<\/p>\n<p>Ingrediente activo:<\/p>\n<p>Coumafos: 0:0-Dietil (0,3, cloro-4-metil-2-oxo-2H-1-benzopiran-7-il-fosforotioato.<\/p>\n<p>No menos de: 50.00<\/p>\n<p>(Equivalente a 500 g de I.A.\/kg)<\/p>\n<p>Ingredientes inertes:<\/p>\n<p>No m\u00e1s de: 50.00<\/p>\n<p>Total: 100.00<\/p>\n<p><strong><b>Uso en:<\/b><\/strong><\/p>\n<p><img src=\"http:\/\/www.plmconnection.com\/plmservices\/VetSearchEngine\/M%C3%A9xico\/PEV39\/img\/caballo.png\" alt=\"\" \/> \u00a0<img src=\"http:\/\/www.plmconnection.com\/plmservices\/VetSearchEngine\/M%C3%A9xico\/PEV39\/img\/vaca.png\" alt=\"\" \/>\u00a0<img src=\"http:\/\/www.plmconnection.com\/plmservices\/VetSearchEngine\/M%C3%A9xico\/PEV39\/img\/toro.png\" alt=\"\" \/> \u00a0<img src=\"http:\/\/www.plmconnection.com\/plmservices\/VetSearchEngine\/M%C3%A9xico\/PEV39\/img\/oveja.png\" \/><\/p>\n<p><strong><b>V\u00eda de administraci\u00f3n:<\/b><\/strong><\/p>\n<p>Disuelva el contenido del sobre en un poco de agua hasta formar un atole homog\u00e9neo.<\/p>\n<p>Agr\u00e9guese agua hasta completar 15 litros, revuelva fuertemente con una pala de madera hasta obtener una suspensi\u00f3n homog\u00e9nea.<\/p>\n<p>Por medio de una bomba aspersora, trapo, cepillo o esponja empape al animal enteramente hasta la piel. No debe aplicarse en felinos.<\/p>\n<p>Especies animales diferentes no sujetas a tratamiento con ASUNTOLMR WP 50% polvo y personas que se encuentren cerca del \u00e1rea de aplicaci\u00f3n del producto, deber\u00e1n ser retiradas antes de iniciar el tratamiento, evitando con esto intoxicaciones accidentales.<\/p>\n<p>En caso de intoxicaci\u00f3n aplicar sulfato de atropina a una dosis para bovinos y equinos de 8-10 ml, perros, ovinos, caprinos y cerdos 2-5 ml, rep\u00edtase el tratamiento con intervalo necesario para mantener una atropinizaci\u00f3n. El sulfato de atropina es de uso delicado y no debe aplicarse arbitrariamente.<\/p>\n<p><strong><b>Descripci\u00f3n:<\/b><\/strong><\/p>\n<p>Plagas:<\/p>\n<p>Moscas: Shipona, Haematobia irritans, Musca autumnalis, Dermatobia hominis, Hypoderma lineatum, H. bovis.<\/p>\n<p>Garrapatas: Boophilus microplus, B. annulatus, Amblyomma cajennense, A. imitator, A. Maculatum, A. americanum, Dermacentor albipictus), D. occidentalis, Haemaphysalis spp, Ixodes spp, Otobius spp, Rhipicephalus spp, Hyalomma.<\/p>\n<p>Piojos:<\/p>\n<p>Piojos chupadores: Haematopinus eurysternus, Linognathus vitulli, Solenoptes capillatus.<\/p>\n<p>Piojos masticadores: Damalinia bovis, D. caprae, D. limbata.<\/p>\n<p>Pulgas: Ctenocephalides felis var. canis, Pulex irritans.<\/p>\n<p>\u00c1caros de la sarna: Sarcoptes spp, Chorioptes spp, Psoroptes spp.<\/p>\n<p>Mel\u00f3fagos: Lipoptena, Hippobosca.<\/p>\n<p>Dado que el manejo, almacenaje, dosificaci\u00f3n y aplicaci\u00f3n de este producto est\u00e1 fuera del control del fabricante, \u00e9ste queda libre de cualquier responsabilidad por el mal uso del mismo. El fabricante s\u00f3lo responde por la calidad, formulaci\u00f3n y contenido neto. Calidad controlada por Bayer HealthCare AG, Alemania.<\/p>\n<p>Uso veterinario.<\/p>\n<p>Consulte al M\u00e9dico Veterinario.<\/p>\n<p><strong><b>Dosis:<\/b><\/strong><\/p>\n<p>Frecuencia de aplicaci\u00f3n e intervalos entre aplicaci\u00f3n:<\/p>\n<p>Moscas: Cada 8 a 15 d\u00edas de intervalo.<\/p>\n<p>Piojos: Dos tratamientos con 8 a 15 d\u00edas de intervalo.<\/p>\n<p>Garrapatas: La frecuencia de los tratamientos depender\u00e1 del grado de infestaci\u00f3n de los potreros y del tipo de garrapatas presente, para garrapata de un hu\u00e9sped (Boophilus) cada 14 o 21 d\u00edas, para garrapata de tres hu\u00e9spedes (Amblyomma) cada 7 o 14 d\u00edas.<\/p>\n<p>Sarna: Cada 15 d\u00edas.<\/p>\n<p>Pulga: Cada 21 a 28 d\u00edas.<\/p>\n<p>El tiempo de espera para el sacrificio o el consumo de leche es de cero, ya que por carecer de acci\u00f3n sist\u00e9mica, no se absorbe y por lo tanto no se acumula.<\/p>\n<p><strong><b>Advertencias:<\/b><\/strong><\/p>\n<p>Transporte y almacene este producto en un lugar seguro lejos del calor y fuego, nunca junto a alimentos, ropa y forrajes.<\/p>\n<p>Aleje a la persona de cualquier fuente contaminada y b\u00e1\u00f1elo con abundante agua, coloque a la persona de lado con la cabeza m\u00e1s baja que el cuerpo, vigile que respire con facilidad. En caso de ingesti\u00f3n accidental; induzca el v\u00f3mito y administre 3 cucharadas de carb\u00f3n activado.<\/p>\n<p>En caso de sobreexposici\u00f3n traslade al afectado a un lugar tranquilo, sin luz y administre el tratamiento m\u00e9dico.<\/p>\n<p>Cuando utilice el producto, man\u00e9jelo con equipo completo de protecci\u00f3n:<\/p>\n<p>Use media m\u00e1scara de filtrado de part\u00edcula FFP3 (protecci\u00f3n contra polvos finos y nebulizaciones).<\/p>\n<p>Usar guantes de protecci\u00f3n (guantes de seguridad desechables de nitrilo), la ropa de protecci\u00f3n (camisas de manga larga, pantalones largos, botas y delantal resistente al agua) y gafas de seguridad durante la mezcla, carga y pulverizaci\u00f3n de la soluci\u00f3n.<\/p>\n<p>Para preparar el producto use un recipiente exclusivo para este fin.<\/p>\n<p>No inhalar el roc\u00edo de la aspersi\u00f3n. L\u00e1vese con jab\u00f3n y agua despu\u00e9s del trabajo con plaguicidas.<\/p>\n<p>Utilice el producto en un \u00e1rea bien ventilada o en un lugar bien ventilado en el establo. No pulverizar contra el viento. No utilizar el producto en presencia de personas desprotegidas.<\/p>\n<p>No beber, comer o fumar mientras se manipula el producto. No almacenar cerca de alimentos, piensos o bebidas. Mantener fuera del alcance de los ni\u00f1os. Evitar el contacto directo del producto con la piel y ojos. En caso de derrame accidental sobre la piel lave con abundante agua. En caso de vertido accidental en los ojos lavar con abundante agua.<\/p>\n<p>Este producto es t\u00f3xico para organismos acu\u00e1ticos, p\u00e1jaros de ornato, aves canoras y abejas, puede provocar a largo plazo efectos negativos en el medio acu\u00e1tico.<\/p>\n<p>Al cambiar el l\u00edquido del ba\u00f1o de inmersi\u00f3n evite la contaminaci\u00f3n de r\u00edos, embalses, aguajes, presas y otras fuentes de agua.<\/p>\n<p>No reutilice los envases vac\u00edos, disponer de los envases vac\u00edos y residuos conforme lo establece la Ley General para la Prevenci\u00f3n Integral de Residuos (no almacenar agua, alimentos o productos de consumo humano ni animal en los envases vac\u00edos del producto).<\/p>\n<p>Este producto pertenece al grupo de los organofosforados, inhibidor de la colinesterasa. Se administra inmediatamente sulfato de atropina a 1%, a humanos 2-4 mg por v\u00eda intravenosa (en ni\u00f1os, una dosis de 0.5 a 2 mg seg\u00fan peso).<\/p>\n<p>Dependiendo de la gravedad de la intoxicaci\u00f3n, se puede administrar 2 mg m\u00e1s de sulfato de atropina por v\u00eda intravenosa, cada 15 minutos. Se recomienda la administraci\u00f3n repetida de sulfato de atropina durante 2-12 horas, incluso durante m\u00e1s tiempo en casos severos.<\/p>\n<p>Se controla regularmente la acetilcolinesterasa hasta que vuelvan a los valores normales, a\u00fan durante varios d\u00edas. La duraci\u00f3n y dosis del tratamiento con sulfato de atropina depende de los s\u00edntomas cl\u00ednicos. El sulfato de atropina es de uso delicado y no debe aplicarse arbitrariamente.<\/p>\n","protected":false},"excerpt":{"rendered":"<p>Si ves este producto agotado, env\u00eda un WhatsApp para revisar si hay en mostrador. Formula: Composici\u00f3n porcentual: % en peso Ingrediente activo: Coumafos: 0:0-Dietil (0,3, cloro-4-metil-2-oxo-2H-1-benzopiran-7-il-fosforotioato. No menos de: 50.00 (Equivalente a 500 g de I.A.\/kg) Ingredientes inertes: No m\u00e1s de: 50.00 Total: 100.00 Uso en: \u00a0\u00a0 \u00a0 V\u00eda de administraci\u00f3n: Disuelva el contenido del [&hellip;]<\/p>\n","protected":false},"featured_media":50,"comment_status":"open","ping_status":"closed","template":"","meta":{"_et_pb_use_builder":"","_et_pb_old_content":"","_et_gb_content_width":"","spay_email":""},"_links":{"self":[{"href":"https:\/\/farmaciaveterinarialaconquista.com\/index.php\/wp-json\/wp\/v2\/product\/20"}],"collection":[{"href":"https:\/\/farmaciaveterinarialaconquista.com\/index.php\/wp-json\/wp\/v2\/product"}],"about":[{"href":"https:\/\/farmaciaveterinarialaconquista.com\/index.php\/wp-json\/wp\/v2\/types\/product"}],"replies":[{"embeddable":true,"href":"https:\/\/farmaciaveterinarialaconquista.com\/index.php\/wp-json\/wp\/v2\/comments?post=20"}],"wp:featuredmedia":[{"embeddable":true,"href":"https:\/\/farmaciaveterinarialaconquista.com\/index.php\/wp-json\/wp\/v2\/media\/50"}],"wp:attachment":[{"href":"https:\/\/farmaciaveterinarialaconquista.com\/index.php\/wp-json\/wp\/v2\/media?parent=20"}],"curies":[{"name":"wp","href":"https:\/\/api.w.org\/{rel}","templated":true}]}}