{"id":157,"date":"2020-04-10T02:24:28","date_gmt":"2020-04-10T07:24:28","guid":{"rendered":"http:\/\/farmaciaveterinarialaconquista.com\/index.php\/producto\/import-placeholder-for-389\/"},"modified":"2024-08-06T13:39:52","modified_gmt":"2024-08-06T18:39:52","slug":"oxitolait-10-ml","status":"publish","type":"product","link":"https:\/\/farmaciaveterinarialaconquista.com\/index.php\/producto\/oxitolait-10-ml\/","title":{"rendered":"Oxitolait 10 ml"},"content":{"rendered":"<p><strong>F\u00f3rmula:<\/strong><\/p>\n<p>Oxitocina sint\u00e9tica\u00a0\u00a010 U.I.<\/p>\n<p>Veh\u00edculo c.b.p. 1 ml.<\/p>\n<p><strong>Uso en:<\/strong><\/p>\n<p class=\"Normal\"><span class=\"bold-entrada\">\u00a0<\/span><span class=\"imgIpp\"><img src=\"http:\/\/www.plmconnection.com\/plmservices\/VetSearchEngine\/M%C3%A9xico\/PEV39\/img\/vaca.png\" alt=\"\" \/><img src=\"http:\/\/www.plmconnection.com\/plmservices\/VetSearchEngine\/M%C3%A9xico\/PEV39\/img\/oveja.png\" alt=\"\" \/>\u00a0<img src=\"http:\/\/www.plmconnection.com\/plmservices\/VetSearchEngine\/M%C3%A9xico\/PEV39\/img\/cabra.png\" alt=\"\" \/><\/span><span class=\"imgIpp\"><img src=\"http:\/\/www.plmconnection.com\/plmservices\/VetSearchEngine\/M%C3%A9xico\/PEV39\/img\/porcino.png\" alt=\"\" \/> <img src=\"http:\/\/www.plmconnection.com\/plmservices\/VetSearchEngine\/M%C3%A9xico\/PEV39\/img\/caballo.png\" alt=\"\" \/>\u00a0<\/span><\/p>\n<p><strong>V\u00eda de administraci\u00f3n:<\/strong><\/p>\n<p>Intramuscular o intravenosa.<\/p>\n<p><strong>Descripci\u00f3n:<\/strong><\/p>\n<p>Oxitolait est\u00e1 indicado en casos de retenci\u00f3n placentaria, fetos mal logrados o momificados, pi\u00f3metra, distocia no mec\u00e1nica, hemorragia uterina. Ayuda a estimular a bajada de la leche, as\u00ed como el tratamiento de mastitis aguda o cr\u00f3nica, dilata los conductos l\u00e1cteos obstruidos. \u00datil en la agalactia con edemas externos despu\u00e9s del parto. Acelera el retroceso del \u00fatero a su tama\u00f1o normal posterior al parto.<\/p>\n<p><strong>Dosis:<\/strong><\/p>\n<p>Vacas y Yeguas: 5 a 10 mL.<\/p>\n<p>Borregas, cabras y cerdas: 3 a 5 mL.<\/p>\n<p><strong>Advertencias:<\/strong><\/p>\n<p>Periodo de retiro<\/p>\n<p>No deber\u00e1 usarse este producto 3 d\u00edas antes del sacrificio de los animales destinados al consumo humano.<\/p>\n<p>No utilizar para consumo humano la leche de los animales tratados, hasta 3 d\u00edas posteriores a la \u00faltima aplicaci\u00f3n. No utilizar este producto en animales que no han alcanzado la madurez sexual.<\/p>\n","protected":false},"excerpt":{"rendered":"<p>F\u00f3rmula: Oxitocina sint\u00e9tica\u00a0\u00a010 U.I. Veh\u00edculo c.b.p. 1 ml. Uso en: \u00a0\u00a0 \u00a0 V\u00eda de administraci\u00f3n: Intramuscular o intravenosa. Descripci\u00f3n: Oxitolait est\u00e1 indicado en casos de retenci\u00f3n placentaria, fetos mal logrados o momificados, pi\u00f3metra, distocia no mec\u00e1nica, hemorragia uterina. Ayuda a estimular a bajada de la leche, as\u00ed como el tratamiento de mastitis aguda o cr\u00f3nica, [&hellip;]<\/p>\n","protected":false},"featured_media":200,"comment_status":"open","ping_status":"closed","template":"","meta":{"_et_pb_use_builder":"","_et_pb_old_content":"","_et_gb_content_width":"","spay_email":""},"_links":{"self":[{"href":"https:\/\/farmaciaveterinarialaconquista.com\/index.php\/wp-json\/wp\/v2\/product\/157"}],"collection":[{"href":"https:\/\/farmaciaveterinarialaconquista.com\/index.php\/wp-json\/wp\/v2\/product"}],"about":[{"href":"https:\/\/farmaciaveterinarialaconquista.com\/index.php\/wp-json\/wp\/v2\/types\/product"}],"replies":[{"embeddable":true,"href":"https:\/\/farmaciaveterinarialaconquista.com\/index.php\/wp-json\/wp\/v2\/comments?post=157"}],"wp:featuredmedia":[{"embeddable":true,"href":"https:\/\/farmaciaveterinarialaconquista.com\/index.php\/wp-json\/wp\/v2\/media\/200"}],"wp:attachment":[{"href":"https:\/\/farmaciaveterinarialaconquista.com\/index.php\/wp-json\/wp\/v2\/media?parent=157"}],"curies":[{"name":"wp","href":"https:\/\/api.w.org\/{rel}","templated":true}]}}