{"id":154,"date":"2020-04-10T02:24:28","date_gmt":"2020-04-10T07:24:28","guid":{"rendered":"http:\/\/farmaciaveterinarialaconquista.com\/index.php\/producto\/import-placeholder-for-386\/"},"modified":"2025-09-20T15:09:26","modified_gmt":"2025-09-20T21:09:26","slug":"napzin-10-ml","status":"publish","type":"product","link":"https:\/\/farmaciaveterinarialaconquista.com\/index.php\/producto\/napzin-10-ml\/","title":{"rendered":"Napzin 10 ml"},"content":{"rendered":"<p><strong>F\u00f3rmula:<\/strong><\/p>\n<p>Meglumina de flunixin equivalente a 50 mg de flunixin<\/p>\n<p>Veh\u00edculo, c.b.p. 1 ml.<\/p>\n<p><strong>Uso en:<\/strong><\/p>\n<p><span class=\"imgIpp\"><img src=\"http:\/\/www.plmconnection.com\/plmservices\/VetSearchEngine\/M%C3%A9xico\/PEV39\/img\/vaca.png\" alt=\"\" \/>\u00a0<img src=\"http:\/\/www.plmconnection.com\/plmservices\/VetSearchEngine\/M%C3%A9xico\/PEV39\/img\/toro.png\" alt=\"\" \/>\u00a0<img src=\"http:\/\/www.plmconnection.com\/plmservices\/VetSearchEngine\/M%C3%A9xico\/PEV39\/img\/caballo.png\" alt=\"\" \/> \u00a0<img src=\"http:\/\/www.plmconnection.com\/plmservices\/VetSearchEngine\/M%C3%A9xico\/PEV39\/img\/oveja.png\" alt=\"\" \/> \u00a0<img src=\"http:\/\/www.plmconnection.com\/plmservices\/VetSearchEngine\/M%C3%A9xico\/PEV39\/img\/porcino.png\" \/><\/span><\/p>\n<p><strong>V\u00eda de administraci\u00f3n:<\/strong><\/p>\n<p>Intramuscular o intravenosa.<\/p>\n<p>Bovinos: Intramuscular o intravenosa.<\/p>\n<p>Ovinos: Intravenosa.<\/p>\n<p><strong>Descripci\u00f3n:<\/strong><\/p>\n<p>Se indica en bovinos (productores de carne y leche) y ovinos para el control del dolor e inflamaci\u00f3n asociada a trastornos musculoesquel\u00e9ticos en fase aguda y subcr\u00f3nica, control de la fiebre, hipersecreci\u00f3n y p\u00e9rdida de la funcionalidad en caso de bronconeumon\u00eda, en particular durante la fase aguda y para el control del dolor, fiebre, inflamaci\u00f3n y afecciones causadas por endotoxinas en caso de colimastitis bovina y nefritis.<\/p>\n<p><strong>Dosis:<\/strong><\/p>\n<p>Bovinos y ovinos: 1-2 ml por cada 50 kg cada 12-24 horas.<\/p>\n","protected":false},"excerpt":{"rendered":"<p>F\u00f3rmula: Meglumina de flunixin equivalente a 50 mg de flunixin Veh\u00edculo, c.b.p. 1 ml. Uso en: \u00a0\u00a0 \u00a0 \u00a0 V\u00eda de administraci\u00f3n: Intramuscular o intravenosa. Bovinos: Intramuscular o intravenosa. Ovinos: Intravenosa. Descripci\u00f3n: Se indica en bovinos (productores de carne y leche) y ovinos para el control del dolor e inflamaci\u00f3n asociada a trastornos musculoesquel\u00e9ticos en [&hellip;]<\/p>\n","protected":false},"featured_media":197,"comment_status":"open","ping_status":"closed","template":"","meta":{"_et_pb_use_builder":"","_et_pb_old_content":"","_et_gb_content_width":"","spay_email":""},"_links":{"self":[{"href":"https:\/\/farmaciaveterinarialaconquista.com\/index.php\/wp-json\/wp\/v2\/product\/154"}],"collection":[{"href":"https:\/\/farmaciaveterinarialaconquista.com\/index.php\/wp-json\/wp\/v2\/product"}],"about":[{"href":"https:\/\/farmaciaveterinarialaconquista.com\/index.php\/wp-json\/wp\/v2\/types\/product"}],"replies":[{"embeddable":true,"href":"https:\/\/farmaciaveterinarialaconquista.com\/index.php\/wp-json\/wp\/v2\/comments?post=154"}],"wp:featuredmedia":[{"embeddable":true,"href":"https:\/\/farmaciaveterinarialaconquista.com\/index.php\/wp-json\/wp\/v2\/media\/197"}],"wp:attachment":[{"href":"https:\/\/farmaciaveterinarialaconquista.com\/index.php\/wp-json\/wp\/v2\/media?parent=154"}],"curies":[{"name":"wp","href":"https:\/\/api.w.org\/{rel}","templated":true}]}}