{"id":139,"date":"2020-04-10T02:24:07","date_gmt":"2020-04-10T07:24:07","guid":{"rendered":"http:\/\/farmaciaveterinarialaconquista.com\/index.php\/producto\/import-placeholder-for-382\/"},"modified":"2022-09-24T13:09:50","modified_gmt":"2022-09-24T18:09:50","slug":"meloximax-10-ml-oral","status":"publish","type":"product","link":"https:\/\/farmaciaveterinarialaconquista.com\/index.php\/producto\/meloximax-10-ml-oral\/","title":{"rendered":"Meloximax 10 ml oral"},"content":{"rendered":"<p><strong>F\u00f3rmula:<\/strong><\/p>\n<p>Meloxicam 1.5 mg<\/p>\n<p>Veh\u00edculo, c.b.p. 1 mL.<\/p>\n<p><strong>Uso en:<\/strong><\/p>\n<p><span class=\"bold-entrada\">\u00a0<\/span><span class=\"imgIpp\"><img src=\"http:\/\/www.plmconnection.com\/plmservices\/VetSearchEngine\/M%C3%A9xico\/PEV39\/img\/perro1.png\" alt=\"\" \/> <img src=\"http:\/\/www.plmconnection.com\/plmservices\/VetSearchEngine\/M%C3%A9xico\/PEV39\/img\/gato.png\" \/><\/span><\/p>\n<p><strong>V\u00eda de administraci\u00f3n:<\/strong><\/p>\n<p>Oral.<\/p>\n<p><strong>Descripci\u00f3n:<\/strong><\/p>\n<p>Es un antiinflamatorio no esteroidal \u00fatil para el tratamiento de procesos inflamatorios en traumatismos en caninos y felinos. Tambi\u00e9n posee actividad analg\u00e9sica efectiva en el tratamiento de artritis, distensiones musculares agudas o cr\u00f3nicas y en enfermedades que cursan con dolor.<\/p>\n<p><strong>Dosis:<\/strong><\/p>\n<p>Caninos:<\/p>\n<p>Dosis inicio: 1 mL por cada 7.5 kg de peso (0.2 mg\/kg de peso), lo que equivale a 15 gotas por cada 7.5 kg de peso corporal, cada 24 horas.<\/p>\n<p>Felinos:<\/p>\n<p>Dosis inicio: 1 mL por cada 5 kg de peso (0.3 mg\/kg de peso), lo que equivale a 15 gotas por cada 5 kg de peso corporal, cada 24 horas.<\/p>\n<p>Caninos y felinos:<\/p>\n<p>Dosis de mantenimiento: 1 mL por cada 15 kg de peso (0.1 mg\/kg), lo que equivale a 15 gotas por cada 15 kg de peso corporal, cada 24 horas.<\/p>\n<p><strong>Advertencias:<\/strong><\/p>\n<p>No utilizar en animales hipersensibles a la f\u00f3rmula ni con enfermedades hep\u00e1ticas, cardiacas o renales. Utilizar con precauci\u00f3n en animales deshidratados, hipovol\u00e9micos o hipotensos. Puede presentarse v\u00f3mito, diarrea y ulceraci\u00f3n. No utilizar en animales gestantes o lactantes. No se recomienda su uso en perros menores de 6 semanas de edad.<\/p>\n<p>No combinar con medicamentos que alteren la hemostasis o provoquen ulceraci\u00f3n gastrointestinal ni con otros f\u00e1rmacos antiinflamatorios. Agite el frasco antes de utilizarse. Mant\u00e9ngase en un lugar seco, fresco y protegido de la luz. Cons\u00e9rvese fuera del alcance de los ni\u00f1os y animales dom\u00e9sticos. Producto de uso exclusivo en medicina veterinaria.<\/p>\n","protected":false},"excerpt":{"rendered":"<p>F\u00f3rmula: Meloxicam 1.5 mg Veh\u00edculo, c.b.p. 1 mL. Uso en: \u00a0 V\u00eda de administraci\u00f3n: Oral. Descripci\u00f3n: Es un antiinflamatorio no esteroidal \u00fatil para el tratamiento de procesos inflamatorios en traumatismos en caninos y felinos. Tambi\u00e9n posee actividad analg\u00e9sica efectiva en el tratamiento de artritis, distensiones musculares agudas o cr\u00f3nicas y en enfermedades que cursan con [&hellip;]<\/p>\n","protected":false},"featured_media":193,"comment_status":"open","ping_status":"closed","template":"","meta":{"_et_pb_use_builder":"","_et_pb_old_content":"","_et_gb_content_width":"","spay_email":""},"_links":{"self":[{"href":"https:\/\/farmaciaveterinarialaconquista.com\/index.php\/wp-json\/wp\/v2\/product\/139"}],"collection":[{"href":"https:\/\/farmaciaveterinarialaconquista.com\/index.php\/wp-json\/wp\/v2\/product"}],"about":[{"href":"https:\/\/farmaciaveterinarialaconquista.com\/index.php\/wp-json\/wp\/v2\/types\/product"}],"replies":[{"embeddable":true,"href":"https:\/\/farmaciaveterinarialaconquista.com\/index.php\/wp-json\/wp\/v2\/comments?post=139"}],"wp:featuredmedia":[{"embeddable":true,"href":"https:\/\/farmaciaveterinarialaconquista.com\/index.php\/wp-json\/wp\/v2\/media\/193"}],"wp:attachment":[{"href":"https:\/\/farmaciaveterinarialaconquista.com\/index.php\/wp-json\/wp\/v2\/media?parent=139"}],"curies":[{"name":"wp","href":"https:\/\/api.w.org\/{rel}","templated":true}]}}