{"id":135,"date":"2020-04-10T02:24:06","date_gmt":"2020-04-10T07:24:06","guid":{"rendered":"http:\/\/farmaciaveterinarialaconquista.com\/index.php\/producto\/import-placeholder-for-378\/"},"modified":"2025-09-20T15:12:05","modified_gmt":"2025-09-20T21:12:05","slug":"laxa-pet-100-grs","status":"publish","type":"product","link":"https:\/\/farmaciaveterinarialaconquista.com\/index.php\/producto\/laxa-pet-100-grs\/","title":{"rendered":"Laxa pet 100 grs"},"content":{"rendered":"<p><strong>F\u00f3rmula:<\/strong><\/p>\n<p>Petrolato blanco 95 mg<\/p>\n<p>Petrolato l\u00edquido 60 mg<\/p>\n<p>Excipiente, c.b.p. 1 g.<\/p>\n<p><strong>Uso en:<\/strong><\/p>\n<p class=\"Normal\"><span class=\"imgIpp\"><img src=\"http:\/\/www.plmconnection.com\/plmservices\/VetSearchEngine\/M%C3%A9xico\/PEV39\/img\/gato.png\" alt=\"\" \/><\/span><\/p>\n<p><strong>V\u00eda de administraci\u00f3n:<\/strong><\/p>\n<p>Oral<\/p>\n<p><strong>Descripci\u00f3n:<\/strong><\/p>\n<p>Est\u00e1 indicado para su uso en felinos. Laxante y lubricante para el tratamiento y prevenci\u00f3n de la constipaci\u00f3n o colitis provocada por obstrucci\u00f3n del tracto gastrointestinal con bolas de pelo.<\/p>\n<p><strong>Dosis:<\/strong><\/p>\n<p>Constipaci\u00f3n y colitis debidas a la ingesti\u00f3n de pelo en gatos: De 3 a 5 ml (una cucharada cafetera) al d\u00eda, durante 2-3 d\u00edas.<\/p>\n<p>Tratamiento laxante: 7.5 ml (una cucharada cafetera y media) al d\u00eda, durante 2-3 d\u00edas.<\/p>\n<p>Tratamiento como laxante ligero o preventivo: 2.5 ml (media cucharada cafetera) al d\u00eda, durante 2-3 d\u00edas.<\/p>\n<p>A recomendaci\u00f3n del M\u00e9dico Veterinario.<\/p>\n<p><strong>Advertencias:<\/strong><\/p>\n<p>Cons\u00e9rvese en un lugar fresco y seco, protegido de la luz solar directa. Mant\u00e9ngase fuera del alcance de los ni\u00f1os y animales dom\u00e9sticos.<\/p>\n<p>Producto de uso exclusivamente veterinario.<\/p>\n","protected":false},"excerpt":{"rendered":"<p>F\u00f3rmula: Petrolato blanco 95 mg Petrolato l\u00edquido 60 mg Excipiente, c.b.p. 1 g. Uso en: V\u00eda de administraci\u00f3n: Oral Descripci\u00f3n: Est\u00e1 indicado para su uso en felinos. Laxante y lubricante para el tratamiento y prevenci\u00f3n de la constipaci\u00f3n o colitis provocada por obstrucci\u00f3n del tracto gastrointestinal con bolas de pelo. Dosis: Constipaci\u00f3n y colitis debidas [&hellip;]<\/p>\n","protected":false},"featured_media":189,"comment_status":"open","ping_status":"closed","template":"","meta":{"_et_pb_use_builder":"","_et_pb_old_content":"","_et_gb_content_width":"","spay_email":""},"_links":{"self":[{"href":"https:\/\/farmaciaveterinarialaconquista.com\/index.php\/wp-json\/wp\/v2\/product\/135"}],"collection":[{"href":"https:\/\/farmaciaveterinarialaconquista.com\/index.php\/wp-json\/wp\/v2\/product"}],"about":[{"href":"https:\/\/farmaciaveterinarialaconquista.com\/index.php\/wp-json\/wp\/v2\/types\/product"}],"replies":[{"embeddable":true,"href":"https:\/\/farmaciaveterinarialaconquista.com\/index.php\/wp-json\/wp\/v2\/comments?post=135"}],"wp:featuredmedia":[{"embeddable":true,"href":"https:\/\/farmaciaveterinarialaconquista.com\/index.php\/wp-json\/wp\/v2\/media\/189"}],"wp:attachment":[{"href":"https:\/\/farmaciaveterinarialaconquista.com\/index.php\/wp-json\/wp\/v2\/media?parent=135"}],"curies":[{"name":"wp","href":"https:\/\/api.w.org\/{rel}","templated":true}]}}