{"id":113,"date":"2020-04-10T02:23:45","date_gmt":"2020-04-10T07:23:45","guid":{"rendered":"http:\/\/farmaciaveterinarialaconquista.com\/index.php\/producto\/import-placeholder-for-353\/"},"modified":"2025-09-24T11:57:34","modified_gmt":"2025-09-24T17:57:34","slug":"insectrin-100-ml","status":"publish","type":"product","link":"https:\/\/farmaciaveterinarialaconquista.com\/index.php\/producto\/insectrin-100-ml\/","title":{"rendered":"Insectrin 100 ml"},"content":{"rendered":"<p><strong>Formula:<\/strong><\/p>\n<p>Contiene 340 g de piretroide por cada 1000 cc de insectrin.<\/p>\n<p><strong>Uso en:<\/strong><\/p>\n<p class=\"Normal\"><span class=\"imgIpp\"><img src=\"http:\/\/www.plmconnection.com\/plmservices\/VetSearchEngine\/M%C3%A9xico\/PEV39\/img\/toro.png\" alt=\"\" \/>\u00a0<\/span><span class=\"imgIpp\"><img src=\"http:\/\/www.plmconnection.com\/plmservices\/VetSearchEngine\/M%C3%A9xico\/PEV39\/img\/porcino.png\" alt=\"\" \/>\u00a0<\/span><span class=\"imgIpp\"><img src=\"http:\/\/www.plmconnection.com\/plmservices\/VetSearchEngine\/M%C3%A9xico\/PEV39\/img\/caballo.png\" alt=\"\" \/> \u00a0<\/span><span class=\"imgIpp\"><img src=\"http:\/\/www.plmconnection.com\/plmservices\/VetSearchEngine\/M%C3%A9xico\/PEV39\/img\/gallina.png\" alt=\"\" \/>\u00a0 \u00a0\u00a0<img src=\"http:\/\/www.plmconnection.com\/plmservices\/VetSearchEngine\/M%C3%A9xico\/PEV39\/img\/gallo.png\" alt=\"\" \/> <img src=\"http:\/\/www.plmconnection.com\/plmservices\/VetSearchEngine\/M%C3%A9xico\/PEV39\/img\/oveja.png\" \/> <\/span><span class=\"imgIpp\"><img src=\"http:\/\/www.plmconnection.com\/plmservices\/VetSearchEngine\/M%C3%A9xico\/PEV39\/img\/perro.png\" alt=\"\" \/>\u00a0<\/span><\/p>\n<p><strong>V\u00eda de administraci\u00f3n:<\/strong><\/p>\n<p>Diversa<\/p>\n<p><strong>Descripci\u00f3n:<\/strong><\/p>\n<p>Para el control de los ectopar\u00e1sitos de las aves dom\u00e9sticas como son los corucos, piojos, y para el control de moscas en las instalaciones de las granjas y en edificios anexos. Tambi\u00e9n es efectivo contra ara\u00f1as, cucarachas, hormigas, alacranes y en general contra cualquier clase de insectos.<\/p>\n<p>La acci\u00f3n de insectrin en los insectos y par\u00e1sitos les produce insuficiencia respiratoria y les provoca p\u00e9rdida de agua, siendo la causa de la muerte la degeneraci\u00f3n de los tejidos. En el S.N.C. del insecto interrumpe la transmisi\u00f3n nerviosa del ganglio y ax\u00f3n nerviosos.<\/p>\n<p>Ventajas:<\/p>\n<p>R\u00e1pido efecto de derribe<\/p>\n<p>Act\u00faa en todas las fase del ciclo biol\u00f3gico de insectos y ectopar\u00e1sitos<\/p>\n<p>A las dosis recomendadas no es toxico<\/p>\n<p>Puede aplicarse a las aves y animales dom\u00e9sticos<\/p>\n<p>Posee un amplio espectro y poder residual<\/p>\n<p><strong>Dosis:<\/strong><\/p>\n<p>Aves<\/p>\n<p>Para aspersi\u00f3n en las aves: disolver de 3-5 ml de insectrin por litro de agua, dependiendo del grado de infestaci\u00f3n. Se sugiere a\u00f1adir 1 g de detergente y aplicar en el cuerpo de las aves donde se alojan los par\u00e1sitos (cuello, alas, cloaca, etc.) debiendo asegurarse de que el l\u00edquido penetre bien entre las plumas para que el efecto sea eficaz.<\/p>\n<p>Porcinos<\/p>\n<p>Para el control de la mosca dom\u00e9stica:<\/p>\n<p>Aspersi\u00f3n: 8-10 ml. de insectrin por litro de agua. Aspersi\u00f3n a animales 3 ml por litro de agua.<\/p>\n<p>Repetir cada 15 a 21 d\u00edas en \u00e9pocas y lugares de mayor incidencia.<\/p>\n<p>Bovinos<\/p>\n<p>Para control de mosca dom\u00e9stica y del establo:<\/p>\n<p>Aspersi\u00f3n: 8-10\u00a0 ml de insectrin por litro de agua. Aspersi\u00f3n a animales 3 ml por litro de agua.<\/p>\n<p>Inmersi\u00f3n: 1 L de insectrin por 1000 litros de agua.<\/p>\n<p>Para recarga: 1.5 L de insectrin por cada 1000 lts. de agua.<\/p>\n<p>&nbsp;<\/p>\n","protected":false},"excerpt":{"rendered":"<p>Formula: Contiene 340 g de piretroide por cada 1000 cc de insectrin. Uso en: \u00a0\u00a0 \u00a0\u00a0 \u00a0\u00a0 \u00a0 V\u00eda de administraci\u00f3n: Diversa Descripci\u00f3n: Para el control de los ectopar\u00e1sitos de las aves dom\u00e9sticas como son los corucos, piojos, y para el control de moscas en las instalaciones de las granjas y en edificios anexos. Tambi\u00e9n [&hellip;]<\/p>\n","protected":false},"featured_media":166,"comment_status":"open","ping_status":"closed","template":"","meta":{"_et_pb_use_builder":"","_et_pb_old_content":"","_et_gb_content_width":"","spay_email":""},"_links":{"self":[{"href":"https:\/\/farmaciaveterinarialaconquista.com\/index.php\/wp-json\/wp\/v2\/product\/113"}],"collection":[{"href":"https:\/\/farmaciaveterinarialaconquista.com\/index.php\/wp-json\/wp\/v2\/product"}],"about":[{"href":"https:\/\/farmaciaveterinarialaconquista.com\/index.php\/wp-json\/wp\/v2\/types\/product"}],"replies":[{"embeddable":true,"href":"https:\/\/farmaciaveterinarialaconquista.com\/index.php\/wp-json\/wp\/v2\/comments?post=113"}],"wp:featuredmedia":[{"embeddable":true,"href":"https:\/\/farmaciaveterinarialaconquista.com\/index.php\/wp-json\/wp\/v2\/media\/166"}],"wp:attachment":[{"href":"https:\/\/farmaciaveterinarialaconquista.com\/index.php\/wp-json\/wp\/v2\/media?parent=113"}],"curies":[{"name":"wp","href":"https:\/\/api.w.org\/{rel}","templated":true}]}}