{"id":109,"date":"2020-04-10T02:23:44","date_gmt":"2020-04-10T07:23:44","guid":{"rendered":"http:\/\/farmaciaveterinarialaconquista.com\/index.php\/producto\/import-placeholder-for-349\/"},"modified":"2025-09-20T15:15:13","modified_gmt":"2025-09-20T21:15:13","slug":"galliverm-super-100-tbs","status":"publish","type":"product","link":"https:\/\/farmaciaveterinarialaconquista.com\/index.php\/producto\/galliverm-super-100-tbs\/","title":{"rendered":"Galliverm super 100 tbs"},"content":{"rendered":"<p><strong>F\u00f3rmula:<\/strong><\/p>\n<p>Fenbendazol 18 mg<\/p>\n<p>Albendazol 24 mg<\/p>\n<p>Celulosa microcristalina PH102, c.b.p. 1 tableta.<\/p>\n<p><strong>Uso en:<\/strong><\/p>\n<p><span class=\"imgIpp\"><img src=\"http:\/\/www.plmconnection.com\/plmservices\/VetSearchEngine\/M%C3%A9xico\/PEV39\/img\/gallina1.png\" alt=\"\" \/>\u00a0<img src=\"http:\/\/www.plmconnection.com\/plmservices\/VetSearchEngine\/M%C3%A9xico\/PEV39\/img\/gallina.png\" alt=\"\" \/>\u00a0<\/span><span class=\"imgIpp\"><img src=\"http:\/\/www.plmconnection.com\/plmservices\/VetSearchEngine\/M%C3%A9xico\/PEV39\/img\/pavo.png\" alt=\"\" \/>\u00a0<img src=\"http:\/\/www.plmconnection.com\/plmservices\/VetSearchEngine\/M%C3%A9xico\/PEV39\/img\/pavo1.png\" alt=\"\" \/> \u00a0<img src=\"http:\/\/www.plmconnection.com\/plmservices\/VetSearchEngine\/M%C3%A9xico\/PEV39\/img\/paloma.png\" alt=\"\" \/><\/span> \u00a0<span class=\"imgIpp\"><img src=\"http:\/\/www.plmconnection.com\/plmservices\/VetSearchEngine\/M%C3%A9xico\/PEV39\/img\/gallo.png\" alt=\"\" \/><\/span><\/p>\n<p>Faisanes, codorniz, gallina de Guinea, pavo real, avestruz, aves silvestres, de ornato y aves canoras.<\/p>\n<p><strong>V\u00eda de administraci\u00f3n:<\/strong><\/p>\n<p>Oral \u00fanicamente.<\/p>\n<p><strong>Descripci\u00f3n:<\/strong><\/p>\n<p>Es un parasiticida de amplio espectro, en tabletas orales para administrarse a las siguientes aves: gallina de postura, pollo de engorda, gallos de pelea, gallinas de pelea, pavos, palomas mensajeras, faisanes, codorniz, gallina de Guinea, pavo real, avestruz, aves silvestres, de ornato y aves canoras.<\/p>\n<p>Elimina y previene infestaciones por par\u00e1sitos del es\u00f3fago, buche, est\u00f3mago, intestinos, ciego, tr\u00e1quea y pulmones.<\/p>\n<p>La f\u00f3rmula de GALLIVERM\u00ae S\u00daPER es efectiva contra los siguientes par\u00e1sitos: Ascaridia spp, Heterakis gallinarum, Capillaria spp, Gangylonema ingluvicola, Dispharynx nasuta, Cheilospirura spp, Railletia spp, Hymenolepis spp, Tetrameres cyanea, Syngamus trachea y Trichinella.<\/p>\n<p><strong>Dosis:<\/strong><\/p>\n<p>Aves de 100 a 750 g de peso corporal \u00bc de tableta (se puede disolver en agua), repetir a los 21 d\u00edas.<\/p>\n<p>Aves de 750 a 1,500 g de peso corporal \u00bd tableta directa al pico y repetir a los 21 d\u00edas.<\/p>\n<p>Aves de 1 a 3 kg de peso corporal una tableta directa al pico y repetir a los 21 d\u00edas.<\/p>\n<p><strong>Advertencias:<\/strong><\/p>\n<p>No destinar para consumo humano la carne, ni los huevos de las aves tratadas, hasta trascurridos 3 d\u00edas de la \u00faltima aplicaci\u00f3n.<\/p>\n<p>Este producto es de uso exclusivo veterinario.<\/p>\n<p>Uso veterinario.<\/p>\n<p>Mant\u00e9ngase fuera del alcance de los ni\u00f1os.<\/p>\n<p>Cons\u00e9rvese en un lugar fresco y seco, alejado de la luz del sol.<\/p>\n<p>Mantener a temperaturas entre 15 y 30\u00b0C.<\/p>\n<p>No destinar para consumo la carne y los huevos de las aves tratadas hasta transcurridos 3 d\u00edas despu\u00e9s de la \u00faltima aplicaci\u00f3n.<\/p>\n","protected":false},"excerpt":{"rendered":"<p>F\u00f3rmula: Fenbendazol 18 mg Albendazol 24 mg Celulosa microcristalina PH102, c.b.p. 1 tableta. Uso en: \u00a0\u00a0\u00a0 \u00a0 \u00a0 Faisanes, codorniz, gallina de Guinea, pavo real, avestruz, aves silvestres, de ornato y aves canoras. V\u00eda de administraci\u00f3n: Oral \u00fanicamente. Descripci\u00f3n: Es un parasiticida de amplio espectro, en tabletas orales para administrarse a las siguientes aves: gallina [&hellip;]<\/p>\n","protected":false},"featured_media":151,"comment_status":"open","ping_status":"closed","template":"","meta":{"_et_pb_use_builder":"","_et_pb_old_content":"","_et_gb_content_width":"","spay_email":""},"_links":{"self":[{"href":"https:\/\/farmaciaveterinarialaconquista.com\/index.php\/wp-json\/wp\/v2\/product\/109"}],"collection":[{"href":"https:\/\/farmaciaveterinarialaconquista.com\/index.php\/wp-json\/wp\/v2\/product"}],"about":[{"href":"https:\/\/farmaciaveterinarialaconquista.com\/index.php\/wp-json\/wp\/v2\/types\/product"}],"replies":[{"embeddable":true,"href":"https:\/\/farmaciaveterinarialaconquista.com\/index.php\/wp-json\/wp\/v2\/comments?post=109"}],"wp:featuredmedia":[{"embeddable":true,"href":"https:\/\/farmaciaveterinarialaconquista.com\/index.php\/wp-json\/wp\/v2\/media\/151"}],"wp:attachment":[{"href":"https:\/\/farmaciaveterinarialaconquista.com\/index.php\/wp-json\/wp\/v2\/media?parent=109"}],"curies":[{"name":"wp","href":"https:\/\/api.w.org\/{rel}","templated":true}]}}