{"id":1070,"date":"2025-05-03T14:16:16","date_gmt":"2025-05-03T20:16:16","guid":{"rendered":"http:\/\/farmaciaveterinarialaconquista.com\/?post_type=product&#038;p=1070"},"modified":"2025-09-20T13:26:33","modified_gmt":"2025-09-20T19:26:33","slug":"coccitrak-5-250-ml","status":"publish","type":"product","link":"https:\/\/farmaciaveterinarialaconquista.com\/index.php\/producto\/coccitrak-5-250-ml\/","title":{"rendered":"Coccitrak 5 % 250 ml"},"content":{"rendered":"<p><strong>Formula:<\/strong><\/p>\n<p>Toltrazuril 50 mg<\/p>\n<p>Excipiente, c.b.p. 1 ml.<\/p>\n<p><strong>Uso en:<\/strong><\/p>\n<p><img src=\"http:\/\/www.plmconnection.com\/plmservices\/VetSearchEngine\/M%C3%A9xico\/PEV39\/img\/porcino.png\" alt=\"porcino.png\" \/> <img src=\"http:\/\/www.plmconnection.com\/plmservices\/VetSearchEngine\/M%C3%A9xico\/PEV39\/img\/vaca.png\" alt=\"vaca.png\" \/> <img src=\"http:\/\/www.plmconnection.com\/plmservices\/VetSearchEngine\/M%C3%A9xico\/PEV39\/img\/toro.png\" alt=\"toro.png\" \/> <img src=\"http:\/\/www.plmconnection.com\/plmservices\/VetSearchEngine\/M%C3%A9xico\/PEV39\/img\/oveja.png\" alt=\"oveja.png\" \/> <img src=\"http:\/\/www.plmconnection.com\/plmservices\/VetSearchEngine\/M%C3%A9xico\/PEV39\/img\/cabra.png\" alt=\"cabra.png\" \/> <img src=\"http:\/\/www.plmconnection.com\/plmservices\/VetSearchEngine\/M%C3%A9xico\/PEV39\/img\/perro.png\" alt=\"perro.png\" \/> <img src=\"http:\/\/www.plmconnection.com\/plmservices\/VetSearchEngine\/M%C3%A9xico\/PEV39\/img\/gato.png\" alt=\"gato.png\" \/><\/p>\n<p><strong>V\u00eda de administraci\u00f3n:<\/strong><\/p>\n<p>Oral<\/p>\n<p><strong>Descripci\u00f3n:<\/strong><\/p>\n<p>Est\u00e1 indicado para el tratamiento de infecciones causadas por coccidias y protozoarios en cerdos, bovinos (de leche y carne), ovinos, caprinos, caninos y felinos.<\/p>\n<p>Su amplio espectro de acci\u00f3n, permiten el tratamiento de un gran numero de especies de coccidias en todas sus fases incluyendo esquizogonia gametogonia , entre las especies comunmente afectadas se encuentran isospora spp., toxoplasma, theileria annulata eimeria ovinoidalis, sarcocystis, theileria y cystisospora.<\/p>\n<p>Su actividad contra macro y microgamentos lo caracteriza sobre otros compuestos anticoccidianos y medicamentos comunmete empleados en la producci\u00f3n. No interfiere negativamente en la ganancia de peso y la conversi\u00f3n alimenticia, No altera el consumo de agua ni de alimento<\/p>\n<p>Los animales tratados no presentan efectos colaterales; se puede administrar con otras drogas antiparasitarias, con las vacunas o con alimentos.<\/p>\n<p><strong>Dosis:<\/strong><\/p>\n<p>Cerdos, bovinos (de leche y carne), ovinos, caprinos 20 mg\/kg (1 ml por cada 2.5kg) como \u00fanica dosis.<\/p>\n<p>Lechones: 20 mg\/kg (1 ml por cada 2.5kg) entre los 3 y 6 d\u00edas de edad.<\/p>\n<p>En becerros: se recomienda una dosis de 15 mg\/kg (1 ml por cada 3.3 kg).<\/p>\n<p>En caso de theileria annulata en bovinos se recomienda aumentar la dosis a 25 mg\/kg (1 ml por cada 2 kg).<\/p>\n<p>Caninos: 15 a 20 mg\/kg (0.75 a 1 ml por cada 2.5 kg) durante 3 a 6 dias.<\/p>\n<p>Felinos: 5 a 10 mg\/kg (1 ml por cada 5 kg) durante 2 d\u00edas,<\/p>\n<p><strong>Advertencias:\u00a0\u00a0\u00a0<\/strong><\/p>\n<p>Producto exclusivo en medicina veterinaria, no se use en humanos.<\/p>\n<p>No se deje al alcance de los ni\u00f1os y animales dom\u00e9sticos.<\/p>\n<p>En vaquillas gestantes puede ser utilizado el producto hasta 70 d\u00edas antes del parto<\/p>\n<p>La carne de los animales tratados no debe ser consumida en un periodo de 70 d\u00edas posteriores al tratamiento.<\/p>\n<p>Por su prolongado periodo de periodo de retiro no se recomienda su uso en animales en producci\u00f3n l\u00e1ctea.<\/p>\n<p>Su venta requiere receta m\u00e9dica.<\/p>\n<p>Consulte al M\u00e9dico Veterinario.<\/p>\n<p>Reconfirma existencias por whatsapp estamos en Guanajuato<\/p>\n","protected":false},"excerpt":{"rendered":"<p>Formula: Toltrazuril 50 mg Excipiente, c.b.p. 1 ml. Uso en: V\u00eda de administraci\u00f3n: Oral Descripci\u00f3n: Est\u00e1 indicado para el tratamiento de infecciones causadas por coccidias y protozoarios en cerdos, bovinos (de leche y carne), ovinos, caprinos, caninos y felinos. Su amplio espectro de acci\u00f3n, permiten el tratamiento de un gran numero de especies de coccidias [&hellip;]<\/p>\n","protected":false},"featured_media":1068,"comment_status":"open","ping_status":"closed","template":"","meta":{"_et_pb_use_builder":"","_et_pb_old_content":"","_et_gb_content_width":"","spay_email":""},"_links":{"self":[{"href":"https:\/\/farmaciaveterinarialaconquista.com\/index.php\/wp-json\/wp\/v2\/product\/1070"}],"collection":[{"href":"https:\/\/farmaciaveterinarialaconquista.com\/index.php\/wp-json\/wp\/v2\/product"}],"about":[{"href":"https:\/\/farmaciaveterinarialaconquista.com\/index.php\/wp-json\/wp\/v2\/types\/product"}],"replies":[{"embeddable":true,"href":"https:\/\/farmaciaveterinarialaconquista.com\/index.php\/wp-json\/wp\/v2\/comments?post=1070"}],"wp:featuredmedia":[{"embeddable":true,"href":"https:\/\/farmaciaveterinarialaconquista.com\/index.php\/wp-json\/wp\/v2\/media\/1068"}],"wp:attachment":[{"href":"https:\/\/farmaciaveterinarialaconquista.com\/index.php\/wp-json\/wp\/v2\/media?parent=1070"}],"curies":[{"name":"wp","href":"https:\/\/api.w.org\/{rel}","templated":true}]}}